CRAN Package Check Results for Package gRain

Last updated on 2021-05-10 08:49:12 CEST.

Flavor Version Tinstall Tcheck Ttotal Status Flags
r-devel-linux-x86_64-debian-clang 1.3-6 57.71 118.48 176.19 OK
r-devel-linux-x86_64-debian-gcc 1.3-6 39.52 90.59 130.11 OK
r-devel-linux-x86_64-fedora-clang 1.3-6 229.74 OK
r-devel-linux-x86_64-fedora-gcc 1.3-6 212.23 OK
r-devel-windows-ix86+x86_64 1.3-6 104.00 195.00 299.00 OK
r-devel-windows-x86_64-gcc10-UCRT 1.3-6 ERROR
r-patched-linux-x86_64 1.3-6 46.00 114.46 160.46 OK
r-patched-solaris-x86 1.3-6 263.40 OK
r-release-linux-x86_64 1.3-6 50.66 110.38 161.04 OK
r-release-macos-x86_64 1.3-6 OK
r-release-windows-ix86+x86_64 1.3-6 102.00 160.00 262.00 OK
r-oldrel-macos-x86_64 1.3-6 OK
r-oldrel-windows-ix86+x86_64 1.3-6 120.00 183.00 303.00 OK

Check Details

Version: 1.3-6
Check: package dependencies
Result: ERROR
    Packages required but not available: 'gRbase', 'Rgraphviz'
    
    See section 'The DESCRIPTION file' in the 'Writing R Extensions'
    manual.
Flavor: r-devel-windows-x86_64-gcc10-UCRT