Last updated on 2024-04-18 08:54:32 CEST.
Flavor | Version | Tinstall | Tcheck | Ttotal | Status | Flags |
---|---|---|---|---|---|---|
r-devel-linux-x86_64-debian-clang | 2.0.1 | 319.37 | 147.74 | 467.11 | OK | |
r-devel-linux-x86_64-debian-gcc | 2.0.1 | 253.85 | 110.90 | 364.75 | OK | |
r-devel-linux-x86_64-fedora-clang | 2.0.1 | 664.17 | OK | |||
r-devel-linux-x86_64-fedora-gcc | 2.0.1 | 685.39 | OK | |||
r-prerel-macos-arm64 | 2.0.1 | 129.00 | NOTE | |||
r-prerel-windows-x86_64 | 2.0.1 | 234.00 | 185.00 | 419.00 | OK | |
r-patched-linux-x86_64 | 2.0.1 | 314.10 | 143.80 | 457.90 | OK | |
r-release-linux-x86_64 | 2.0.1 | 294.35 | 144.24 | 438.59 | OK | |
r-release-macos-arm64 | 2.0.1 | 130.00 | NOTE | |||
r-release-macos-x86_64 | 2.0.1 | 217.00 | NOTE | |||
r-release-windows-x86_64 | 2.0.1 | 304.00 | 211.00 | 515.00 | OK | |
r-oldrel-macos-arm64 | 2.0.1 | 118.00 | NOTE | |||
r-oldrel-windows-x86_64 | 2.0.1 | 281.00 | 199.00 | 480.00 | OK |
Version: 2.0.1
Check: installed package size
Result: NOTE
installed size is 11.8Mb
sub-directories of 1Mb or more:
data 1.3Mb
libs 9.3Mb
Flavors: r-prerel-macos-arm64, r-release-macos-arm64, r-release-macos-x86_64, r-oldrel-macos-arm64