CRAN Package Check Results for Package gaiah

Last updated on 2024-04-22 08:51:25 CEST.

Flavor Version Tinstall Tcheck Ttotal Status Flags
r-devel-linux-x86_64-debian-clang 0.0.5 5.29 96.57 101.86 NOTE
r-devel-linux-x86_64-debian-gcc 0.0.5 4.53 68.24 72.77 NOTE
r-devel-linux-x86_64-fedora-clang 0.0.5 123.88 NOTE
r-devel-linux-x86_64-fedora-gcc 0.0.5 117.61 NOTE
r-prerel-macos-arm64 0.0.5 35.00 NOTE
r-prerel-windows-x86_64 0.0.5 7.00 86.00 93.00 NOTE
r-patched-linux-x86_64 0.0.5 5.79 91.33 97.12 NOTE
r-release-linux-x86_64 0.0.5 4.78 90.19 94.97 OK
r-release-macos-arm64 0.0.5 46.00 OK
r-release-macos-x86_64 0.0.5 74.00 OK
r-release-windows-x86_64 0.0.5 8.00 100.00 108.00 OK
r-oldrel-macos-arm64 0.0.5 44.00 OK
r-oldrel-windows-x86_64 0.0.5 8.00 105.00 113.00 OK

Check Details

Version: 0.0.5
Check: Rd files
Result: NOTE checkRd: (-1) min_hpd_inc_area_df.Rd:20: Lost braces in \itemize; \value handles \item{}{} directly checkRd: (-1) min_hpd_inc_area_df.Rd:21-22: Lost braces in \itemize; \value handles \item{}{} directly checkRd: (-1) min_hpd_inc_area_df.Rd:23: Lost braces in \itemize; \value handles \item{}{} directly checkRd: (-1) vza_mean_and_var_rasters.Rd:20: Lost braces 20 | of the paper on Wilson's warbler, this function computes $tilde{T}^{(mu)}$ (returned as | ^ checkRd: (-1) vza_mean_and_var_rasters.Rd:20: Lost braces; missing escapes or markup? 20 | of the paper on Wilson's warbler, this function computes $tilde{T}^{(mu)}$ (returned as | ^ checkRd: (-1) vza_mean_and_var_rasters.Rd:21: Lost braces; missing escapes or markup? 21 | list component \code{mean.raster}) and $R^{(sigma^2)}$ (returned as list component | ^ Flavors: r-devel-linux-x86_64-debian-clang, r-devel-linux-x86_64-debian-gcc, r-devel-linux-x86_64-fedora-clang, r-devel-linux-x86_64-fedora-gcc, r-prerel-macos-arm64, r-prerel-windows-x86_64, r-patched-linux-x86_64