Last updated on 2024-03-12 07:49:54 CET.
Flavor | Version | Tinstall | Tcheck | Ttotal | Status | Flags |
---|---|---|---|---|---|---|
r-devel-linux-x86_64-debian-clang | 1.6 | 892.79 | 119.15 | 1011.94 | OK | |
r-devel-linux-x86_64-debian-gcc | 1.6 | 727.58 | 129.64 | 857.22 | OK | |
r-devel-linux-x86_64-fedora-clang | 1.6 | 1435.52 | NOTE | |||
r-devel-linux-x86_64-fedora-gcc | 1.6 | 1638.36 | OK | |||
r-devel-windows-x86_64 | 1.6 | 629.00 | 194.00 | 823.00 | NOTE | |
r-patched-linux-x86_64 | 1.6 | 835.14 | 161.38 | 996.52 | OK | |
r-release-linux-x86_64 | 1.6 | 892.63 | 161.03 | 1053.66 | OK | |
r-release-macos-arm64 | 1.6 | 279.00 | NOTE | |||
r-release-macos-x86_64 | 1.6 | 318.00 | NOTE | |||
r-release-windows-x86_64 | 1.6 | 798.00 | 219.00 | 1017.00 | NOTE | |
r-oldrel-macos-arm64 | 1.6 | 249.00 | NOTE | |||
r-oldrel-windows-x86_64 | 1.6 | 738.00 | 201.00 | 939.00 | NOTE |
Version: 1.6
Check: installed package size
Result: NOTE
installed size is 5.5Mb
sub-directories of 1Mb or more:
extdata 1.6Mb
libs 1.9Mb
Flavors: r-devel-linux-x86_64-fedora-clang, r-devel-windows-x86_64, r-release-macos-arm64, r-release-macos-x86_64, r-release-windows-x86_64, r-oldrel-macos-arm64, r-oldrel-windows-x86_64