Last updated on 2024-04-27 08:48:27 CEST.
Flavor | Version | Tinstall | Tcheck | Ttotal | Status | Flags |
---|---|---|---|---|---|---|
r-devel-linux-x86_64-debian-clang | 0.0.2 | 2.08 | 19.53 | 21.61 | OK | |
r-devel-linux-x86_64-debian-gcc | 0.0.2 | 1.30 | 15.25 | 16.55 | OK | |
r-devel-linux-x86_64-fedora-clang | 0.0.2 | 27.48 | NOTE | |||
r-devel-linux-x86_64-fedora-gcc | 0.0.2 | 26.86 | OK | |||
r-devel-windows-x86_64 | 0.0.2 | 2.00 | 33.00 | 35.00 | OK | |
r-patched-linux-x86_64 | 0.0.2 | 1.25 | 19.21 | 20.46 | OK | |
r-release-linux-x86_64 | 0.0.2 | 1.50 | 19.16 | 20.66 | OK | |
r-release-macos-arm64 | 0.0.2 | 13.00 | OK | |||
r-release-windows-x86_64 | 0.0.2 | 2.00 | 33.00 | 35.00 | OK | |
r-oldrel-macos-arm64 | 0.0.2 | 14.00 | OK | |||
r-oldrel-macos-x86_64 | 0.0.2 | 18.00 | OK | |||
r-oldrel-windows-x86_64 | 0.0.2 | 3.00 | 32.00 | 35.00 | OK |
Version: 0.0.2
Check: Rd cross-references
Result: NOTE
Undeclared packages ‘fortunes’, ‘rmsfact’ in Rd xrefs
Flavor: r-devel-linux-x86_64-fedora-clang