CRAN Package Check Results for Package gbm2sas

Last updated on 2021-07-29 09:53:23 CEST.

Flavor Version Tinstall Tcheck Ttotal Status Flags
r-devel-linux-x86_64-debian-clang 2.1 NOTE
r-devel-linux-x86_64-debian-gcc 2.1 5.76 49.93 55.69 NOTE
r-devel-linux-x86_64-fedora-clang 2.1 97.32 NOTE
r-devel-linux-x86_64-fedora-gcc 2.1 84.92 NOTE
r-devel-windows-x86_64 2.1 9.00 83.00 92.00 OK
r-devel-windows-x86_64-gcc10-UCRT 2.1 OK
r-patched-linux-x86_64 2.1 6.05 61.95 68.00 NOTE
r-patched-solaris-x86 2.1 126.00 NOTE
r-release-linux-x86_64 2.1 6.35 62.14 68.49 NOTE
r-release-macos-arm64 2.1 OK
r-release-macos-x86_64 2.1 OK
r-release-windows-ix86+x86_64 2.1 16.00 60.00 76.00 OK
r-oldrel-macos-x86_64 2.1 OK
r-oldrel-windows-ix86+x86_64 2.1 12.00 84.00 96.00 OK

Check Details

Version: 2.1
Check: for non-standard things in the check directory
Result: NOTE
    Found the following files/directories:
     'checkdata.csv' 'gbmforest.sas'
Flavors: r-devel-linux-x86_64-debian-clang, r-devel-linux-x86_64-debian-gcc, r-devel-linux-x86_64-fedora-clang, r-devel-linux-x86_64-fedora-gcc, r-patched-linux-x86_64, r-patched-solaris-x86, r-release-linux-x86_64