CRAN Package Check Results for Package gee

Last updated on 2021-06-25 09:52:46 CEST.

Flavor Version Tinstall Tcheck Ttotal Status Flags
r-devel-linux-x86_64-debian-clang 4.13-20 9.89 24.34 34.23 NOTE
r-devel-linux-x86_64-debian-gcc 4.13-20 3.08 19.28 22.36 NOTE
r-devel-linux-x86_64-fedora-clang 4.13-20 53.85 NOTE
r-devel-linux-x86_64-fedora-gcc 4.13-20 34.39 NOTE
r-devel-windows-x86_64 4.13-20 7.00 34.00 41.00 OK
r-devel-windows-x86_64-gcc10-UCRT 4.13-20 OK
r-patched-linux-x86_64 4.13-20 3.92 24.17 28.09 NOTE
r-patched-solaris-x86 4.13-20 52.00 OK
r-release-linux-x86_64 4.13-20 3.64 24.02 27.66 NOTE
r-release-macos-arm64 4.13-20 OK
r-release-macos-x86_64 4.13-20 OK
r-release-windows-ix86+x86_64 4.13-20 11.00 50.00 61.00 OK
r-oldrel-macos-x86_64 4.13-20 OK
r-oldrel-windows-ix86+x86_64 4.13-20 11.00 48.00 59.00 OK

Check Details

Version: 4.13-20
Check: top-level files
Result: NOTE
    Non-standard files/directories found at top level:
     'README.too' 'blurb'
Flavors: r-devel-linux-x86_64-debian-clang, r-devel-linux-x86_64-debian-gcc, r-devel-linux-x86_64-fedora-clang, r-devel-linux-x86_64-fedora-gcc, r-patched-linux-x86_64, r-release-linux-x86_64