Last updated on 2024-04-17 08:57:32 CEST.
Flavor | Version | Tinstall | Tcheck | Ttotal | Status | Flags |
---|---|---|---|---|---|---|
r-devel-linux-x86_64-debian-clang | 1.0-1 | 3.38 | 55.38 | 58.76 | NOTE | |
r-devel-linux-x86_64-debian-gcc | 1.0-1 | 2.43 | 40.86 | 43.29 | NOTE | |
r-devel-linux-x86_64-fedora-clang | 1.0-1 | 73.45 | NOTE | |||
r-devel-linux-x86_64-fedora-gcc | 1.0-1 | 69.21 | NOTE | |||
r-prerel-macos-arm64 | 1.0-1 | 22.00 | NOTE | |||
r-prerel-windows-x86_64 | 1.0-1 | 3.00 | 59.00 | 62.00 | NOTE | |
r-patched-linux-x86_64 | 1.0-1 | 2.26 | 54.71 | 56.97 | NOTE | |
r-release-linux-x86_64 | 1.0-1 | 2.47 | 52.82 | 55.29 | NOTE | |
r-release-macos-arm64 | 1.0-1 | 24.00 | NOTE | |||
r-release-macos-x86_64 | 1.0-1 | 37.00 | NOTE | |||
r-release-windows-x86_64 | 1.0-1 | 5.00 | 66.00 | 71.00 | NOTE | |
r-oldrel-macos-arm64 | 1.0-1 | 25.00 | NOTE | |||
r-oldrel-windows-x86_64 | 1.0-1 | 4.00 | 73.00 | 77.00 | NOTE |
Version: 1.0-1
Check: LazyData
Result: NOTE
'LazyData' is specified without a 'data' directory
Flavors: r-devel-linux-x86_64-debian-clang, r-devel-linux-x86_64-debian-gcc, r-devel-linux-x86_64-fedora-clang, r-devel-linux-x86_64-fedora-gcc, r-prerel-macos-arm64, r-prerel-windows-x86_64, r-patched-linux-x86_64, r-release-linux-x86_64, r-release-macos-arm64, r-release-macos-x86_64, r-release-windows-x86_64, r-oldrel-macos-arm64, r-oldrel-windows-x86_64