CRAN Package Check Results for Package geodetector

Last updated on 2021-04-11 08:48:46 CEST.

Flavor Version Tinstall Tcheck Ttotal Status Flags
r-devel-linux-x86_64-debian-clang 1.0-4 4.73 40.67 45.40 OK
r-devel-linux-x86_64-debian-gcc 1.0-4 3.49 31.53 35.02 OK
r-devel-linux-x86_64-fedora-clang 1.0-4 62.75 NOTE
r-devel-linux-x86_64-fedora-gcc 1.0-4 50.38 NOTE
r-devel-windows-ix86+x86_64 1.0-4 13.00 45.00 58.00 OK
r-devel-windows-x86_64-gcc10-UCRT 1.0-4 NOTE
r-patched-linux-x86_64 1.0-4 4.01 38.46 42.47 OK
r-patched-solaris-x86 1.0-4 78.20 NOTE
r-release-linux-x86_64 1.0-4 2.92 38.47 41.39 OK
r-release-macos-x86_64 1.0-4 NOTE
r-release-windows-ix86+x86_64 1.0-4 7.00 65.00 72.00 OK
r-oldrel-macos-x86_64 1.0-4 NOTE
r-oldrel-windows-ix86+x86_64 1.0-4 7.00 57.00 64.00 OK

Check Details

Version: 1.0-4
Check: dependencies in R code
Result: NOTE
    Namespaces in Imports field not imported from:
     ‘maptools’ ‘rgdal’ ‘rgeos’
     All declared Imports should be used.
Flavors: r-devel-linux-x86_64-fedora-clang, r-devel-linux-x86_64-fedora-gcc, r-devel-windows-x86_64-gcc10-UCRT, r-patched-solaris-x86, r-release-macos-x86_64, r-oldrel-macos-x86_64