CRAN Package Check Results for Package geojsonsf

Last updated on 2021-05-10 08:49:11 CEST.

Flavor Version Tinstall Tcheck Ttotal Status Flags
r-devel-linux-x86_64-debian-clang 2.0.1 101.58 31.85 133.43 OK
r-devel-linux-x86_64-debian-gcc 2.0.1 66.11 25.57 91.68 OK
r-devel-linux-x86_64-fedora-clang 2.0.1 192.85 NOTE
r-devel-linux-x86_64-fedora-gcc 2.0.1 166.98 OK
r-devel-windows-ix86+x86_64 2.0.1 156.00 84.00 240.00 OK
r-devel-windows-x86_64-gcc10-UCRT 2.0.1 OK
r-patched-linux-x86_64 2.0.1 77.92 31.44 109.36 OK
r-patched-solaris-x86 2.0.1 148.60 OK
r-release-linux-x86_64 2.0.1 79.23 31.22 110.45 OK
r-release-macos-x86_64 2.0.1 NOTE
r-release-windows-ix86+x86_64 2.0.1 150.00 62.00 212.00 OK
r-oldrel-macos-x86_64 2.0.1 NOTE
r-oldrel-windows-ix86+x86_64 2.0.1 196.00 70.00 266.00 OK

Check Details

Version: 2.0.1
Check: installed package size
Result: NOTE
     installed size is 7.9Mb
     sub-directories of 1Mb or more:
     help 1.3Mb
     libs 5.8Mb
Flavors: r-devel-linux-x86_64-fedora-clang, r-release-macos-x86_64, r-oldrel-macos-x86_64