Last updated on 2024-04-18 08:54:31 CEST.
Flavor | Version | Tinstall | Tcheck | Ttotal | Status | Flags |
---|---|---|---|---|---|---|
r-devel-linux-x86_64-debian-clang | 2.0.3 | 93.82 | 38.89 | 132.71 | NOTE | |
r-devel-linux-x86_64-debian-gcc | 2.0.3 | 74.39 | 29.33 | 103.72 | NOTE | |
r-devel-linux-x86_64-fedora-clang | 2.0.3 | 195.88 | NOTE | |||
r-devel-linux-x86_64-fedora-gcc | 2.0.3 | 212.04 | NOTE | |||
r-prerel-macos-arm64 | 2.0.3 | 52.00 | NOTE | |||
r-prerel-windows-x86_64 | 2.0.3 | 68.00 | 75.00 | 143.00 | NOTE | |
r-patched-linux-x86_64 | 2.0.3 | 96.08 | 36.33 | 132.41 | NOTE | |
r-release-linux-x86_64 | 2.0.3 | 95.85 | 35.38 | 131.23 | NOTE | |
r-release-macos-arm64 | 2.0.3 | 64.00 | NOTE | |||
r-release-macos-x86_64 | 2.0.3 | 96.00 | NOTE | |||
r-release-windows-x86_64 | 2.0.3 | 89.00 | 81.00 | 170.00 | NOTE | |
r-oldrel-macos-arm64 | 2.0.3 | 48.00 | NOTE | |||
r-oldrel-windows-x86_64 | 2.0.3 | 88.00 | 81.00 | 169.00 | OK |
Version: 2.0.3
Check: C++ specification
Result: NOTE
Specified C++11: please drop specification unless essential
Flavors: r-devel-linux-x86_64-debian-clang, r-devel-linux-x86_64-debian-gcc, r-devel-linux-x86_64-fedora-clang, r-devel-linux-x86_64-fedora-gcc, r-prerel-macos-arm64, r-prerel-windows-x86_64, r-patched-linux-x86_64, r-release-linux-x86_64, r-release-macos-arm64, r-release-macos-x86_64, r-release-windows-x86_64
Version: 2.0.3
Check: installed package size
Result: NOTE
installed size is 6.4Mb
sub-directories of 1Mb or more:
help 1.3Mb
libs 4.4Mb
Flavors: r-prerel-macos-arm64, r-release-macos-arm64, r-release-macos-x86_64, r-oldrel-macos-arm64