CRAN Package Check Results for Package geometries

Last updated on 2021-06-17 09:51:45 CEST.

Flavor Version Tinstall Tcheck Ttotal Status Flags
r-devel-linux-x86_64-debian-clang 0.2.0 110.78 30.10 140.88 NOTE
r-devel-linux-x86_64-debian-gcc 0.2.0 73.92 23.87 97.79 NOTE
r-devel-linux-x86_64-fedora-clang 0.2.0 205.63 NOTE
r-devel-linux-x86_64-fedora-gcc 0.2.0 183.63 NOTE
r-devel-windows-x86_64 0.2.0 128.00 48.00 176.00 NOTE
r-devel-windows-x86_64-gcc10-UCRT 0.2.0 NOTE
r-patched-linux-x86_64 0.2.0 89.95 29.54 119.49 NOTE
r-patched-solaris-x86 0.2.0 165.20 NOTE
r-release-linux-x86_64 0.2.0 86.32 29.21 115.53 NOTE
r-release-macos-arm64 0.2.0 NOTE
r-release-macos-x86_64 0.2.0 NOTE
r-release-windows-ix86+x86_64 0.2.0 244.00 75.00 319.00 NOTE
r-oldrel-macos-x86_64 0.2.0 OK
r-oldrel-windows-ix86+x86_64 0.2.0 207.00 81.00 288.00 OK

Check Details

Version: 0.2.0
Check: LazyData
Result: NOTE
     'LazyData' is specified without a 'data' directory
Flavors: r-devel-linux-x86_64-debian-clang, r-devel-linux-x86_64-debian-gcc, r-devel-linux-x86_64-fedora-clang, r-devel-linux-x86_64-fedora-gcc, r-devel-windows-x86_64, r-devel-windows-x86_64-gcc10-UCRT, r-patched-linux-x86_64, r-patched-solaris-x86, r-release-linux-x86_64, r-release-macos-arm64, r-release-macos-x86_64, r-release-windows-ix86+x86_64

Version: 0.2.0
Check: installed package size
Result: NOTE
     installed size is 6.0Mb
     sub-directories of 1Mb or more:
     libs 5.5Mb
Flavors: r-devel-linux-x86_64-fedora-clang, r-release-macos-arm64