Last updated on 2024-04-23 08:57:59 CEST.
Flavor | Version | Tinstall | Tcheck | Ttotal | Status | Flags |
---|---|---|---|---|---|---|
r-devel-linux-x86_64-debian-clang | 0.1.12 | 10.64 | 79.35 | 89.99 | OK | |
r-devel-linux-x86_64-debian-gcc | 0.1.12 | 7.05 | 59.85 | 66.90 | OK | |
r-devel-linux-x86_64-fedora-clang | 0.1.12 | 114.47 | NOTE | |||
r-devel-linux-x86_64-fedora-gcc | 0.1.12 | 124.31 | NOTE | |||
r-prerel-macos-arm64 | 0.1.12 | 39.00 | OK | |||
r-prerel-windows-x86_64 | 0.1.12 | 11.00 | 87.00 | 98.00 | OK | |
r-patched-linux-x86_64 | 0.1.12 | 9.51 | 76.06 | 85.57 | OK | |
r-release-linux-x86_64 | 0.1.12 | 6.13 | 74.23 | 80.36 | OK | |
r-release-macos-arm64 | 0.1.12 | 38.00 | OK | |||
r-release-macos-x86_64 | 0.1.12 | 61.00 | OK | |||
r-release-windows-x86_64 | 0.1.12 | 12.00 | 97.00 | 109.00 | OK | |
r-oldrel-macos-arm64 | 0.1.12 | 33.00 | NOTE | |||
r-oldrel-windows-x86_64 | 0.1.12 | 14.00 | 100.00 | 114.00 | OK |
Version: 0.1.12
Check: dependencies in R code
Result: NOTE
Namespaces in Imports field not imported from:
‘googlesheets4’ ‘tidyr’
All declared Imports should be used.
Flavors: r-devel-linux-x86_64-fedora-clang, r-devel-linux-x86_64-fedora-gcc, r-oldrel-macos-arm64