CRAN Package Check Results for Package ggdag

Last updated on 2021-04-17 08:47:32 CEST.

Flavor Version Tinstall Tcheck Ttotal Status Flags
r-devel-linux-x86_64-debian-clang 0.2.3 9.76 193.32 203.08 NOTE
r-devel-linux-x86_64-debian-gcc 0.2.3 8.04 140.46 148.50 NOTE
r-devel-linux-x86_64-fedora-clang 0.2.3 251.96 NOTE
r-devel-linux-x86_64-fedora-gcc 0.2.3 246.80 NOTE
r-devel-windows-ix86+x86_64 0.2.3 25.00 227.00 252.00 NOTE
r-devel-windows-x86_64-gcc10-UCRT 0.2.3 NOTE
r-patched-linux-x86_64 0.2.3 10.33 182.39 192.72 OK
r-patched-solaris-x86 0.2.3 303.20 OK
r-release-linux-x86_64 0.2.3 10.61 182.07 192.68 OK
r-release-macos-x86_64 0.2.3 OK
r-release-windows-ix86+x86_64 0.2.3 23.00 259.00 282.00 OK
r-oldrel-macos-x86_64 0.2.3 OK
r-oldrel-windows-ix86+x86_64 0.2.3 13.00 208.00 221.00 OK

Check Details

Version: 0.2.3
Check: LazyData
Result: NOTE
     'LazyData' is specified without a 'data' directory
Flavors: r-devel-linux-x86_64-debian-clang, r-devel-linux-x86_64-debian-gcc, r-devel-linux-x86_64-fedora-clang, r-devel-linux-x86_64-fedora-gcc, r-devel-windows-ix86+x86_64, r-devel-windows-x86_64-gcc10-UCRT