CRAN Package Check Results for Package ggeasy

Last updated on 2021-05-06 08:49:21 CEST.

Flavor Version Tinstall Tcheck Ttotal Status Flags
r-devel-linux-x86_64-debian-clang 0.1.3 4.23 70.52 74.75 NOTE
r-devel-linux-x86_64-debian-gcc 0.1.3 3.41 52.08 55.49 NOTE
r-devel-linux-x86_64-fedora-clang 0.1.3 95.86 NOTE
r-devel-linux-x86_64-fedora-gcc 0.1.3 85.54 NOTE
r-devel-windows-ix86+x86_64 0.1.3 11.00 92.00 103.00 NOTE
r-devel-windows-x86_64-gcc10-UCRT 0.1.3 NOTE
r-patched-linux-x86_64 0.1.3 3.84 66.92 70.76 NOTE
r-patched-solaris-x86 0.1.3 125.30 OK
r-release-linux-x86_64 0.1.3 3.64 66.10 69.74 OK
r-release-macos-x86_64 0.1.3 OK
r-release-windows-ix86+x86_64 0.1.3 13.00 65.00 78.00 OK
r-oldrel-macos-x86_64 0.1.3 OK
r-oldrel-windows-ix86+x86_64 0.1.3 11.00 91.00 102.00 OK

Check Details

Version: 0.1.3
Check: LazyData
Result: NOTE
     'LazyData' is specified without a 'data' directory
Flavors: r-devel-linux-x86_64-debian-clang, r-devel-linux-x86_64-debian-gcc, r-devel-linux-x86_64-fedora-clang, r-devel-linux-x86_64-fedora-gcc, r-devel-windows-ix86+x86_64, r-devel-windows-x86_64-gcc10-UCRT, r-patched-linux-x86_64