CRAN Package Check Results for Package ggpath

Last updated on 2024-04-21 08:53:46 CEST.

Flavor Version Tinstall Tcheck Ttotal Status Flags
r-devel-linux-x86_64-debian-clang 1.0.1 4.96 55.46 60.42 NOTE
r-devel-linux-x86_64-debian-gcc 1.0.1 4.78 41.54 46.32 NOTE
r-devel-linux-x86_64-fedora-clang 1.0.1 76.85 NOTE
r-devel-linux-x86_64-fedora-gcc 1.0.1 70.23 NOTE
r-prerel-macos-arm64 1.0.1 27.00 NOTE
r-prerel-windows-x86_64 1.0.1 7.00 62.00 69.00 NOTE
r-patched-linux-x86_64 1.0.1 8.38 52.32 60.70 NOTE
r-release-linux-x86_64 1.0.1 4.50 51.74 56.24 OK
r-release-macos-arm64 1.0.1 27.00 OK
r-release-macos-x86_64 1.0.1 41.00 OK
r-release-windows-x86_64 1.0.1 8.00 69.00 77.00 OK
r-oldrel-macos-arm64 1.0.1 32.00 OK
r-oldrel-windows-x86_64 1.0.1 8.00 72.00 80.00 OK

Check Details

Version: 1.0.1
Check: Rd files
Result: NOTE checkRd: (-1) geom_from_path.Rd:79: Lost braces in \itemize; meant \describe ? checkRd: (-1) geom_from_path.Rd:80: Lost braces in \itemize; meant \describe ? checkRd: (-1) geom_from_path.Rd:81: Lost braces in \itemize; meant \describe ? checkRd: (-1) geom_from_path.Rd:82: Lost braces in \itemize; meant \describe ? checkRd: (-1) geom_from_path.Rd:83: Lost braces in \itemize; meant \describe ? checkRd: (-1) geom_from_path.Rd:84: Lost braces in \itemize; meant \describe ? checkRd: (-1) geom_from_path.Rd:85: Lost braces in \itemize; meant \describe ? checkRd: (-1) geom_from_path.Rd:86: Lost braces in \itemize; meant \describe ? checkRd: (-1) geom_from_path.Rd:87-90: Lost braces in \itemize; meant \describe ? checkRd: (-1) geom_from_path.Rd:91-94: Lost braces in \itemize; meant \describe ? checkRd: (-1) geom_lines.Rd:77: Lost braces in \itemize; meant \describe ? checkRd: (-1) geom_lines.Rd:78: Lost braces in \itemize; meant \describe ? checkRd: (-1) geom_lines.Rd:79: Lost braces in \itemize; meant \describe ? checkRd: (-1) geom_lines.Rd:80: Lost braces in \itemize; meant \describe ? checkRd: (-1) geom_lines.Rd:81: Lost braces in \itemize; meant \describe ? checkRd: (-1) geom_lines.Rd:82: Lost braces in \itemize; meant \describe ? checkRd: (-1) geom_lines.Rd:83: Lost braces in \itemize; meant \describe ? Flavors: r-devel-linux-x86_64-debian-clang, r-devel-linux-x86_64-debian-gcc, r-devel-linux-x86_64-fedora-clang, r-devel-linux-x86_64-fedora-gcc, r-prerel-macos-arm64, r-prerel-windows-x86_64, r-patched-linux-x86_64