Last updated on 2024-04-26 08:54:58 CEST.
Flavor | Version | Tinstall | Tcheck | Ttotal | Status | Flags |
---|---|---|---|---|---|---|
r-devel-linux-x86_64-debian-clang | 0.0.1 | 6.73 | 51.73 | 58.46 | NOTE | |
r-devel-linux-x86_64-debian-gcc | 0.0.1 | 4.83 | 39.89 | 44.72 | NOTE | |
r-devel-linux-x86_64-fedora-clang | 0.0.1 | 75.21 | NOTE | |||
r-devel-linux-x86_64-fedora-gcc | 0.0.1 | 69.61 | NOTE | |||
r-devel-windows-x86_64 | 0.0.1 | 7.00 | 58.00 | 65.00 | NOTE | |
r-patched-linux-x86_64 | 0.0.1 | 8.94 | 48.68 | 57.62 | NOTE | |
r-release-linux-x86_64 | 0.0.1 | 4.06 | 49.92 | 53.98 | NOTE | |
r-release-macos-arm64 | 0.0.1 | 25.00 | NOTE | |||
r-release-windows-x86_64 | 0.0.1 | 6.00 | 57.00 | 63.00 | NOTE | |
r-oldrel-macos-arm64 | 0.0.1 | 25.00 | NOTE | |||
r-oldrel-macos-x86_64 | 0.0.1 | 36.00 | NOTE | |||
r-oldrel-windows-x86_64 | 0.0.1 | 9.00 | 64.00 | 73.00 | NOTE |
Version: 0.0.1
Check: LazyData
Result: NOTE
'LazyData' is specified without a 'data' directory
Flavors: r-devel-linux-x86_64-debian-clang, r-devel-linux-x86_64-debian-gcc, r-devel-linux-x86_64-fedora-clang, r-devel-linux-x86_64-fedora-gcc, r-devel-windows-x86_64, r-patched-linux-x86_64, r-release-linux-x86_64, r-release-macos-arm64, r-release-windows-x86_64, r-oldrel-macos-arm64, r-oldrel-macos-x86_64, r-oldrel-windows-x86_64