CRAN Package Check Results for Package ggsoccer

Last updated on 2024-04-22 08:51:26 CEST.

Flavor Version Tinstall Tcheck Ttotal Status Flags
r-devel-linux-x86_64-debian-clang 0.1.7 4.77 60.25 65.02 NOTE
r-devel-linux-x86_64-debian-gcc 0.1.7 4.26 44.10 48.36 NOTE
r-devel-linux-x86_64-fedora-clang 0.1.7 84.75 NOTE
r-devel-linux-x86_64-fedora-gcc 0.1.7 80.70 NOTE
r-prerel-macos-arm64 0.1.7 26.00 NOTE
r-prerel-windows-x86_64 0.1.7 8.00 69.00 77.00 NOTE
r-patched-linux-x86_64 0.1.7 4.13 55.31 59.44 NOTE
r-release-linux-x86_64 0.1.7 5.84 57.31 63.15 OK
r-release-macos-arm64 0.1.7 28.00 OK
r-release-macos-x86_64 0.1.7 43.00 OK
r-release-windows-x86_64 0.1.7 8.00 69.00 77.00 OK
r-oldrel-macos-arm64 0.1.7 28.00 OK
r-oldrel-windows-x86_64 0.1.7 9.00 75.00 84.00 OK

Check Details

Version: 0.1.7
Check: Rd files
Result: NOTE checkRd: (-1) pitch_opta.Rd:51: Lost braces in \itemize; meant \describe ? checkRd: (-1) pitch_opta.Rd:52: Lost braces in \itemize; meant \describe ? checkRd: (-1) pitch_opta.Rd:53: Lost braces in \itemize; meant \describe ? checkRd: (-1) pitch_opta.Rd:54: Lost braces in \itemize; meant \describe ? checkRd: (-1) pitch_opta.Rd:55: Lost braces in \itemize; meant \describe ? checkRd: (-1) pitch_opta.Rd:56: Lost braces in \itemize; meant \describe ? checkRd: (-1) pitch_opta.Rd:57: Lost braces in \itemize; meant \describe ? checkRd: (-1) pitch_opta.Rd:58: Lost braces in \itemize; meant \describe ? checkRd: (-1) pitch_opta.Rd:59: Lost braces in \itemize; meant \describe ? checkRd: (-1) pitch_opta.Rd:60: Lost braces in \itemize; meant \describe ? checkRd: (-1) pitch_opta.Rd:65: Lost braces in \itemize; meant \describe ? checkRd: (-1) pitch_opta.Rd:66: Lost braces in \itemize; meant \describe ? checkRd: (-1) pitch_opta.Rd:67: Lost braces in \itemize; meant \describe ? checkRd: (-1) pitch_opta.Rd:68: Lost braces in \itemize; meant \describe ? checkRd: (-1) pitch_opta.Rd:69: Lost braces in \itemize; meant \describe ? Flavors: r-devel-linux-x86_64-debian-clang, r-devel-linux-x86_64-debian-gcc, r-devel-linux-x86_64-fedora-clang, r-devel-linux-x86_64-fedora-gcc, r-prerel-macos-arm64, r-prerel-windows-x86_64, r-patched-linux-x86_64