Last updated on 2024-04-20 08:50:55 CEST.
Flavor | Version | Tinstall | Tcheck | Ttotal | Status | Flags |
---|---|---|---|---|---|---|
r-devel-linux-x86_64-debian-clang | 1.0.4 | 5.80 | 55.11 | 60.91 | OK | |
r-devel-linux-x86_64-debian-gcc | 1.0.4 | 4.71 | 42.24 | 46.95 | OK | |
r-devel-linux-x86_64-fedora-clang | 1.0.4 | 78.76 | NOTE | |||
r-devel-linux-x86_64-fedora-gcc | 1.0.4 | 86.57 | OK | |||
r-prerel-macos-arm64 | 1.0.4 | 32.00 | OK | |||
r-prerel-windows-x86_64 | 1.0.4 | 7.00 | 61.00 | 68.00 | OK | |
r-patched-linux-x86_64 | 1.0.4 | 5.86 | 54.78 | 60.64 | OK | |
r-release-linux-x86_64 | 1.0.4 | 6.16 | 53.37 | 59.53 | OK | |
r-release-macos-arm64 | 1.0.4 | 33.00 | OK | |||
r-release-macos-x86_64 | 1.0.4 | 49.00 | OK | |||
r-release-windows-x86_64 | 1.0.4 | 8.00 | 66.00 | 74.00 | OK | |
r-oldrel-macos-arm64 | 1.0.4 | 32.00 | OK | |||
r-oldrel-windows-x86_64 | 1.0.4 | 8.00 | 73.00 | 81.00 | OK |
Version: 1.0.4
Check: Rd cross-references
Result: NOTE
Undeclared package ‘rlang’ in Rd xrefs
Flavor: r-devel-linux-x86_64-fedora-clang