Last updated on 2024-04-24 07:57:41 CEST.
Flavor | Version | Tinstall | Tcheck | Ttotal | Status | Flags |
---|---|---|---|---|---|---|
r-devel-linux-x86_64-debian-clang | 0.12.3 | 9.25 | 150.90 | 160.15 | OK | |
r-devel-linux-x86_64-debian-gcc | 0.12.3 | 7.37 | 110.60 | 117.97 | OK | |
r-devel-linux-x86_64-fedora-clang | 0.12.3 | 197.06 | OK | |||
r-devel-linux-x86_64-fedora-gcc | 0.12.3 | 208.52 | OK | |||
r-prerel-macos-arm64 | 0.12.3 | 69.00 | OK | |||
r-prerel-macos-x86_64 | 0.12.3 | 119.00 | OK | |||
r-prerel-windows-x86_64 | 0.12.3 | 14.00 | 128.00 | 142.00 | OK | |
r-patched-linux-x86_64 | 0.12.3 | 9.69 | 141.69 | 151.38 | NOTE | |
r-release-linux-x86_64 | 0.12.3 | 9.22 | 317.43 | 326.65 | NOTE | |
r-release-macos-arm64 | 0.12.3 | 118.00 | OK | |||
r-release-macos-x86_64 | 0.12.3 | 185.00 | OK | |||
r-release-windows-x86_64 | 0.12.3 | 16.00 | 240.00 | 256.00 | OK | |
r-oldrel-macos-arm64 | 0.12.3 | 117.00 | OK | |||
r-oldrel-windows-x86_64 | 0.12.3 | 16.00 | 237.00 | 253.00 | OK |
Version: 0.12.3
Check: package dependencies
Result: NOTE
Package suggested but not available for checking: ‘metaBMA’
Flavors: r-patched-linux-x86_64, r-release-linux-x86_64