Last updated on 2024-04-19 08:54:41 CEST.
Flavor | Version | Tinstall | Tcheck | Ttotal | Status | Flags |
---|---|---|---|---|---|---|
r-devel-linux-x86_64-debian-clang | 5.1.0 | 11.66 | 120.45 | 132.11 | OK | |
r-devel-linux-x86_64-debian-gcc | 5.1.0 | OK | ||||
r-devel-linux-x86_64-fedora-clang | 5.1.0 | 156.80 | NOTE | |||
r-devel-linux-x86_64-fedora-gcc | 5.1.0 | 148.69 | NOTE | |||
r-prerel-macos-arm64 | 5.1.0 | 47.00 | OK | |||
r-prerel-macos-x86_64 | 5.1.0 | 126.00 | OK | |||
r-prerel-windows-x86_64 | 5.1.0 | 12.00 | 121.00 | 133.00 | OK | |
r-patched-linux-x86_64 | 5.1.0 | 16.95 | 111.98 | 128.93 | OK | |
r-release-linux-x86_64 | 5.1.0 | 6.64 | 114.08 | 120.72 | OK | |
r-release-macos-arm64 | 5.1.0 | 52.00 | OK | |||
r-release-macos-x86_64 | 5.1.0 | 129.00 | OK | |||
r-release-windows-x86_64 | 5.1.0 | 14.00 | 142.00 | 156.00 | OK | |
r-oldrel-macos-arm64 | 5.1.0 | 53.00 | OK | |||
r-oldrel-windows-x86_64 | 5.1.0 | 15.00 | 133.00 | 148.00 | OK |
Version: 5.1.0
Check: data for non-ASCII characters
Result: NOTE
Note: found 138 marked UTF-8 strings
Flavors: r-devel-linux-x86_64-fedora-clang, r-devel-linux-x86_64-fedora-gcc