Last updated on 2024-04-23 08:57:59 CEST.
Flavor | Version | Tinstall | Tcheck | Ttotal | Status | Flags |
---|---|---|---|---|---|---|
r-devel-linux-x86_64-debian-clang | 1.1.0 | 34.36 | 272.12 | 306.48 | OK | |
r-devel-linux-x86_64-debian-gcc | 1.1.0 | 25.69 | 193.39 | 219.08 | OK | |
r-devel-linux-x86_64-fedora-clang | 1.1.0 | 385.15 | NOTE | |||
r-devel-linux-x86_64-fedora-gcc | 1.1.0 | 381.38 | NOTE | |||
r-prerel-macos-arm64 | 1.1.0 | 100.00 | OK | |||
r-prerel-windows-x86_64 | 1.1.0 | 30.00 | 240.00 | 270.00 | OK | |
r-patched-linux-x86_64 | 1.1.0 | 31.87 | 257.73 | 289.60 | OK | |
r-release-linux-x86_64 | 1.1.0 | 33.18 | 258.33 | 291.51 | OK | |
r-release-macos-arm64 | 1.1.0 | 119.00 | OK | |||
r-release-macos-x86_64 | 1.1.0 | 179.00 | OK | |||
r-release-windows-x86_64 | 1.1.0 | 38.00 | 263.00 | 301.00 | OK | |
r-oldrel-macos-arm64 | 1.1.0 | 96.00 | NOTE | |||
r-oldrel-windows-x86_64 | 1.1.0 | 39.00 | 254.00 | 293.00 | OK |
Version: 1.1.0
Check: dependencies in R code
Result: NOTE
Namespace in Imports field not imported from: ‘methods’
All declared Imports should be used.
Flavors: r-devel-linux-x86_64-fedora-clang, r-devel-linux-x86_64-fedora-gcc, r-oldrel-macos-arm64
Version: 1.1.0
Check: data for non-ASCII characters
Result: NOTE
Note: found 11 marked UTF-8 strings
Flavors: r-devel-linux-x86_64-fedora-clang, r-devel-linux-x86_64-fedora-gcc, r-oldrel-macos-arm64