Last updated on 2024-05-07 08:55:03 CEST.
Flavor | Version | Tinstall | Tcheck | Ttotal | Status | Flags |
---|---|---|---|---|---|---|
r-devel-linux-x86_64-debian-clang | 1.0.2 | 1.58 | 24.92 | 26.50 | NOTE | |
r-devel-linux-x86_64-debian-gcc | 1.0.2 | 1.71 | 19.62 | 21.33 | NOTE | |
r-devel-linux-x86_64-fedora-clang | 1.0.2 | 36.65 | NOTE | |||
r-devel-linux-x86_64-fedora-gcc | 1.0.2 | 51.15 | NOTE | |||
r-devel-windows-x86_64 | 1.0.2 | 5.00 | 43.00 | 48.00 | NOTE | |
r-patched-linux-x86_64 | 1.0.2 | 1.42 | 23.83 | 25.25 | NOTE | |
r-release-linux-x86_64 | 1.0.2 | 2.06 | 24.64 | 26.70 | NOTE | |
r-release-macos-arm64 | 1.0.2 | 21.00 | NOTE | |||
r-release-windows-x86_64 | 1.0.2 | 3.00 | 42.00 | 45.00 | NOTE | |
r-oldrel-macos-arm64 | 1.0.2 | 22.00 | NOTE | |||
r-oldrel-macos-x86_64 | 1.0.2 | 28.00 | NOTE | |||
r-oldrel-windows-x86_64 | 1.0.2 | 3.00 | 38.00 | 41.00 | NOTE |
Version: 1.0.2
Check: package subdirectories
Result: NOTE
Problems with news in ‘NEWS.md’:
No news entries found.
Flavors: r-devel-linux-x86_64-debian-clang, r-devel-linux-x86_64-debian-gcc, r-devel-linux-x86_64-fedora-clang, r-devel-linux-x86_64-fedora-gcc, r-devel-windows-x86_64, r-patched-linux-x86_64, r-release-linux-x86_64, r-release-macos-arm64, r-release-windows-x86_64, r-oldrel-macos-arm64, r-oldrel-macos-x86_64, r-oldrel-windows-x86_64