CRAN Package Check Results for Package glba

Last updated on 2021-04-11 08:48:46 CEST.

Flavor Version Tinstall Tcheck Ttotal Status Flags
r-devel-linux-x86_64-debian-clang 0.2 2.35 28.10 30.45 NOTE
r-devel-linux-x86_64-debian-gcc 0.2 1.83 21.56 23.39 NOTE
r-devel-linux-x86_64-fedora-clang 0.2 45.73 NOTE
r-devel-linux-x86_64-fedora-gcc 0.2 33.19 NOTE
r-devel-windows-ix86+x86_64 0.2 5.00 31.00 36.00 NOTE
r-devel-windows-x86_64-gcc10-UCRT 0.2 NOTE
r-patched-linux-x86_64 0.2 2.31 26.73 29.04 NOTE
r-patched-solaris-x86 0.2 55.70 NOTE
r-release-linux-x86_64 0.2 2.32 26.79 29.11 NOTE
r-release-macos-x86_64 0.2 NOTE
r-release-windows-ix86+x86_64 0.2 3.00 34.00 37.00 NOTE
r-oldrel-macos-x86_64 0.2 NOTE
r-oldrel-windows-ix86+x86_64 0.2 3.00 58.00 61.00 NOTE

Check Details

Version: 0.2
Check: R code for possible problems
Result: NOTE
    fptcdf: no visible global function definition for 'dnorm'
    fptcdf: no visible global function definition for 'pnorm'
    fptpdf: no visible global function definition for 'pnorm'
    fptpdf: no visible global function definition for 'dnorm'
    lba: no visible global function definition for 'as.formula'
    lba: no visible global function definition for 'model.frame'
    lba : logl: no visible global function definition for 'head'
    lba: no visible global function definition for 'optim'
    pmod: no visible global function definition for 'model.frame'
    pmod: no visible global function definition for 'model.matrix'
    rlba: no visible global function definition for 'pnorm'
    rlba: no visible global function definition for 'rnorm'
    rlba: no visible global function definition for 'runif'
    tablba: no visible global function definition for 'pnorm'
    Undefined global functions or variables:
     as.formula dnorm head model.frame model.matrix optim pnorm rnorm
     runif
    Consider adding
     importFrom("stats", "as.formula", "dnorm", "model.frame",
     "model.matrix", "optim", "pnorm", "rnorm", "runif")
     importFrom("utils", "head")
    to your NAMESPACE file.
Flavors: r-devel-linux-x86_64-debian-clang, r-devel-linux-x86_64-debian-gcc, r-devel-linux-x86_64-fedora-clang, r-devel-linux-x86_64-fedora-gcc, r-devel-windows-ix86+x86_64, r-devel-windows-x86_64-gcc10-UCRT, r-patched-linux-x86_64, r-patched-solaris-x86, r-release-linux-x86_64, r-release-macos-x86_64, r-release-windows-ix86+x86_64, r-oldrel-macos-x86_64, r-oldrel-windows-ix86+x86_64