CRAN Package Check Results for Package glm.predict

Last updated on 2021-07-26 09:54:05 CEST.

Flavor Version Tinstall Tcheck Ttotal Status Flags
r-devel-linux-x86_64-debian-clang 4.0-0 12.88 197.84 210.72 NOTE
r-devel-linux-x86_64-debian-gcc 4.0-0 9.19 148.97 158.16 NOTE
r-devel-linux-x86_64-fedora-clang 4.0-0 255.91 NOTE
r-devel-linux-x86_64-fedora-gcc 4.0-0 249.84 NOTE
r-devel-windows-x86_64 4.0-0 18.00 240.00 258.00 NOTE
r-devel-windows-x86_64-gcc10-UCRT 4.0-0 NOTE
r-patched-linux-x86_64 4.0-0 9.69 185.15 194.84 NOTE
r-patched-solaris-x86 4.0-0 392.40 NOTE
r-release-linux-x86_64 4.0-0 12.74 184.59 197.33 NOTE
r-release-macos-arm64 4.0-0 WARN
r-release-macos-x86_64 4.0-0 NOTE
r-release-windows-ix86+x86_64 4.0-0 26.00 183.00 209.00 NOTE
r-oldrel-macos-x86_64 4.0-0 NOTE
r-oldrel-windows-ix86+x86_64 4.0-0 27.00 247.00 274.00 NOTE

Check Details

Version: 4.0-0
Check: package dependencies
Result: NOTE
    Package suggested but not available for checking: 'schlegel'
Flavors: r-devel-linux-x86_64-debian-clang, r-devel-linux-x86_64-debian-gcc, r-devel-linux-x86_64-fedora-clang, r-devel-linux-x86_64-fedora-gcc, r-devel-windows-x86_64, r-devel-windows-x86_64-gcc10-UCRT, r-patched-linux-x86_64, r-patched-solaris-x86, r-release-linux-x86_64, r-release-macos-arm64, r-release-macos-x86_64, r-release-windows-ix86+x86_64, r-oldrel-macos-x86_64, r-oldrel-windows-ix86+x86_64

Version: 4.0-0
Check: for non-standard things in the check directory
Result: NOTE
    Found the following files/directories:
     ‘schlegel’
Flavor: r-devel-linux-x86_64-fedora-gcc

Version: 4.0-0
Check: re-building of vignette outputs
Result: WARN
    Error(s) in re-building vignettes:
    --- re-building ‘predicts.Rmd’ using rmarkdown
    Warning in engine$weave(file, quiet = quiet, encoding = enc) :
     Pandoc (>= 1.12.3) not available. Falling back to R Markdown v1.
    Loading required package: MASS
    Loading required package: parallel
    * installing *source* package ‘schlegel’ ...
    ** using staged installation
    ** R
    ** data
    *** moving datasets to lazyload DB
    Warning: object ‘.Random.seed’ is created by more than one data call
    ** inst
    ** byte-compile and prepare package for lazy loading
    ** help
    *** installing help indices
    ** building package indices
    ** testing if installed package can be loaded from temporary location
    ** testing if installed package can be loaded from final location
    ** testing if installed package keeps a record of temporary installation path
    * DONE (schlegel)
    Quitting from lines 158-166 (predicts.Rmd)
    Error: processing vignette 'predicts.Rmd' failed with diagnostics:
    polygon edge not found
    --- failed re-building ‘predicts.Rmd’
    
    SUMMARY: processing the following file failed:
     ‘predicts.Rmd’
    
    Error: Vignette re-building failed.
    Execution halted
Flavor: r-release-macos-arm64