CRAN Package Check Results for Package glm2

Last updated on 2021-09-20 08:50:18 CEST.

Flavor Version Tinstall Tcheck Ttotal Status Flags
r-devel-linux-x86_64-debian-clang 1.2.1 2.21 25.37 27.58 OK
r-devel-linux-x86_64-debian-gcc 1.2.1 1.63 19.94 21.57 OK
r-devel-linux-x86_64-fedora-clang 1.2.1 41.57 OK
r-devel-linux-x86_64-fedora-gcc 1.2.1 30.72 OK
r-devel-windows-x86_64 1.2.1 4.00 34.00 38.00 OK
r-devel-windows-x86_64-gcc10-UCRT 1.2.1 ERROR
r-patched-linux-x86_64 1.2.1 2.25 24.39 26.64 OK
r-patched-solaris-x86 1.2.1 52.30 OK
r-release-linux-x86_64 1.2.1 2.25 25.00 27.25 OK
r-release-macos-arm64 1.2.1 OK
r-release-macos-x86_64 1.2.1 OK
r-release-windows-ix86+x86_64 1.2.1 6.00 32.00 38.00 OK
r-oldrel-macos-x86_64 1.2.1 OK
r-oldrel-windows-ix86+x86_64 1.2.1 7.00 30.00 37.00 OK

Check Details

Version: 1.2.1
Check: whether package can be installed
Result: WARN
    Found the following significant warnings:
     WARNING: installation-time patches will not be applied, could not get the patches index
Flavor: r-devel-windows-x86_64-gcc10-UCRT

Version: 1.2.1
Check: PDF version of manual
Result: WARN
    LaTeX errors when creating PDF version.
    This typically indicates Rd problems.
Flavor: r-devel-windows-x86_64-gcc10-UCRT

Version: 1.2.1
Check: PDF version of manual without hyperrefs or index
Result: ERROR
    Re-running with no redirection of stdout/stderr.
Flavor: r-devel-windows-x86_64-gcc10-UCRT