Last updated on 2023-03-30 08:53:38 CEST.
Flavor | Version | Tinstall | Tcheck | Ttotal | Status | Flags |
---|---|---|---|---|---|---|
r-devel-linux-x86_64-debian-clang | 1.6.2 | 72.11 | 173.81 | 245.92 | OK | |
r-devel-linux-x86_64-debian-gcc | 1.6.2 | 63.49 | 130.06 | 193.55 | OK | |
r-devel-linux-x86_64-fedora-clang | 1.6.2 | 326.41 | NOTE | |||
r-devel-linux-x86_64-fedora-gcc | 1.6.2 | 314.55 | NOTE | |||
r-devel-windows-x86_64 | 1.6.2 | 83.00 | 0.00 | 83.00 | OK | |
r-patched-linux-x86_64 | 1.6.2 | 67.93 | 170.50 | 238.43 | OK | |
r-release-linux-x86_64 | 1.6.2 | 73.68 | 162.68 | 236.36 | OK | |
r-release-macos-arm64 | 1.6.2 | 64.00 | NOTE | |||
r-release-macos-x86_64 | 1.6.2 | 97.00 | NOTE | |||
r-release-windows-x86_64 | 1.6.2 | 65.00 | 187.00 | 252.00 | OK | |
r-oldrel-macos-arm64 | 1.6.2 | 58.00 | NOTE | |||
r-oldrel-macos-x86_64 | 1.6.2 | 97.00 | NOTE | |||
r-oldrel-windows-ix86+x86_64 | 1.6.2 | 146.00 | 215.00 | 361.00 | OK |
Version: 1.6.2
Check: dependencies in R code
Result: NOTE
Namespace in Imports field not imported from: ‘GMMBoost’
All declared Imports should be used.
Flavors: r-devel-linux-x86_64-fedora-clang, r-devel-linux-x86_64-fedora-gcc, r-release-macos-arm64, r-release-macos-x86_64, r-oldrel-macos-arm64, r-oldrel-macos-x86_64
Version: 1.6.2
Check: installed package size
Result: NOTE
installed size is 8.6Mb
sub-directories of 1Mb or more:
libs 8.0Mb
Flavors: r-release-macos-arm64, r-release-macos-x86_64, r-oldrel-macos-arm64, r-oldrel-macos-x86_64