Last updated on 2024-04-20 08:50:55 CEST.
Flavor | Version | Tinstall | Tcheck | Ttotal | Status | Flags |
---|---|---|---|---|---|---|
r-devel-linux-x86_64-debian-clang | 0.5.5 | 18.90 | 221.45 | 240.35 | NOTE | |
r-devel-linux-x86_64-debian-gcc | 0.5.5 | 13.50 | 161.89 | 175.39 | NOTE | |
r-devel-linux-x86_64-fedora-clang | 0.5.5 | 299.93 | OK | |||
r-devel-linux-x86_64-fedora-gcc | 0.5.5 | 306.44 | OK | |||
r-prerel-macos-arm64 | 0.5.5 | 91.00 | OK | |||
r-prerel-macos-x86_64 | 0.5.5 | 155.00 | OK | |||
r-prerel-windows-x86_64 | 0.5.5 | 15.00 | 166.00 | 181.00 | OK | |
r-patched-linux-x86_64 | 0.5.5 | 24.67 | 214.17 | 238.84 | OK | |
r-release-linux-x86_64 | 0.5.5 | 14.02 | 215.10 | 229.12 | OK | |
r-release-macos-arm64 | 0.5.5 | 95.00 | OK | |||
r-release-macos-x86_64 | 0.5.5 | 145.00 | OK | |||
r-release-windows-x86_64 | 0.5.5 | 22.00 | 206.00 | 228.00 | OK | |
r-oldrel-macos-arm64 | 0.5.5 | 69.00 | OK | |||
r-oldrel-windows-x86_64 | 0.5.5 | 22.00 | 233.00 | 255.00 | OK |
Version: 0.5.5
Check: package dependencies
Result: NOTE
Package suggested but not available for checking: ‘DESeq2’
Flavors: r-devel-linux-x86_64-debian-clang, r-devel-linux-x86_64-debian-gcc