CRAN Package Check Results for Package glmnetUtils

Last updated on 2021-05-10 08:49:12 CEST.

Flavor Version Tinstall Tcheck Ttotal Status Flags
r-devel-linux-x86_64-debian-clang 1.1.8 7.13 396.02 403.15 OK
r-devel-linux-x86_64-debian-gcc 1.1.8 5.45 285.34 290.79 OK
r-devel-linux-x86_64-fedora-clang 1.1.8 460.45 OK
r-devel-linux-x86_64-fedora-gcc 1.1.8 455.42 OK
r-devel-windows-ix86+x86_64 1.1.8 13.00 499.00 512.00 OK
r-devel-windows-x86_64-gcc10-UCRT 1.1.8 OK
r-patched-linux-x86_64 1.1.8 7.73 380.80 388.53 OK
r-patched-solaris-x86 1.1.8 294.00 OK
r-release-linux-x86_64 1.1.8 7.20 367.43 374.63 OK
r-release-macos-x86_64 1.1.8 OK
r-release-windows-ix86+x86_64 1.1.8 12.00 352.00 364.00 OK
r-oldrel-macos-x86_64 1.1.8 WARN
r-oldrel-windows-ix86+x86_64 1.1.8 15.00 433.00 448.00 OK

Check Details

Version: 1.1.8
Check: re-building of vignette outputs
Result: WARN
    Error(s) in re-building vignettes:
     ...
    --- re-building ‘intro.rmd’ using rmarkdown
    Warning in engine$weave(file, quiet = quiet, encoding = enc) :
     Pandoc (>= 1.12.3) and/or pandoc-citeproc not available. Falling back to R Markdown v1.
    trying URL 'https://web.stanford.edu/~hastie/glmnet/glmnetData/Leukemia.RData'
    Quitting from lines 167-173 (intro.rmd)
    Error: processing vignette 'intro.rmd' failed with diagnostics:
    cannot open URL 'https://web.stanford.edu/~hastie/glmnet/glmnetData/Leukemia.RData'
    --- failed re-building ‘intro.rmd’
    
    SUMMARY: processing the following file failed:
     ‘intro.rmd’
    
    Error: Vignette re-building failed.
    Execution halted
Flavor: r-oldrel-macos-x86_64