Last updated on 2024-07-27 08:49:21 CEST.
Flavor | Version | Tinstall | Tcheck | Ttotal | Status | Flags |
---|---|---|---|---|---|---|
r-devel-linux-x86_64-debian-clang | 1.0.6 | 12.69 | 212.50 | 225.19 | OK | |
r-devel-linux-x86_64-debian-gcc | 1.0.6 | NOTE | ||||
r-devel-linux-x86_64-fedora-clang | 1.0.6 | 275.07 | OK | |||
r-devel-linux-x86_64-fedora-gcc | 1.0.6 | 273.05 | OK | |||
r-devel-windows-x86_64 | 1.0.6 | 12.00 | 214.00 | 226.00 | NOTE | |
r-patched-linux-x86_64 | 1.0.6 | OK | ||||
r-release-linux-x86_64 | 1.0.6 | 11.62 | 195.67 | 207.29 | OK | |
r-release-macos-arm64 | 1.0.6 | 86.00 | OK | |||
r-release-macos-x86_64 | 1.0.6 | 158.00 | OK | |||
r-release-windows-x86_64 | 1.0.6 | 10.00 | 217.00 | 227.00 | OK | |
r-oldrel-macos-arm64 | 1.0.6 | 97.00 | OK | |||
r-oldrel-macos-x86_64 | 1.0.6 | 160.00 | OK | |||
r-oldrel-windows-x86_64 | 1.0.6 | 16.00 | 247.00 | 263.00 | OK |
Version: 1.0.6
Check: Rd cross-references
Result: NOTE
Found the following Rd file(s) with Rd \link{} targets missing package
anchors:
glmnetcr.Rd: glmnet
Please provide package anchors for all Rd \link{} targets not in the
package itself and the base packages.
Flavors: r-devel-linux-x86_64-debian-gcc, r-devel-windows-x86_64