CRAN Package Check Results for Package gmnl

Last updated on 2021-05-06 08:49:22 CEST.

Flavor Version Tinstall Tcheck Ttotal Status Flags
r-devel-linux-x86_64-debian-clang 1.1-3.2 14.63 104.63 119.26 OK
r-devel-linux-x86_64-debian-gcc 1.1-3.2 10.66 76.43 87.09 OK
r-devel-linux-x86_64-fedora-clang 1.1-3.2 145.07 NOTE
r-devel-linux-x86_64-fedora-gcc 1.1-3.2 140.95 OK
r-devel-windows-ix86+x86_64 1.1-3.2 30.00 118.00 148.00 OK
r-devel-windows-x86_64-gcc10-UCRT 1.1-3.2 OK
r-patched-linux-x86_64 1.1-3.2 14.07 96.92 110.99 OK
r-patched-solaris-x86 1.1-3.2 189.60 OK
r-release-linux-x86_64 1.1-3.2 11.35 92.28 103.63 OK
r-release-macos-x86_64 1.1-3.2 OK
r-release-windows-ix86+x86_64 1.1-3.2 20.00 98.00 118.00 OK
r-oldrel-macos-x86_64 1.1-3.2 OK
r-oldrel-windows-ix86+x86_64 1.1-3.2 24.00 113.00 137.00 OK

Check Details

Version: 1.1-3.2
Check: Rd cross-references
Result: NOTE
    Undeclared package ‘sandwich’ in Rd xrefs
Flavor: r-devel-linux-x86_64-fedora-clang