CRAN Package Check Results for Package gmodels

Last updated on 2021-06-12 09:53:48 CEST.

Flavor Version Tinstall Tcheck Ttotal Status Flags
r-devel-linux-x86_64-debian-clang 2.18.1 3.12 31.96 35.08 OK
r-devel-linux-x86_64-debian-gcc 2.18.1 2.67 25.25 27.92 OK
r-devel-linux-x86_64-fedora-clang 2.18.1 54.17 NOTE
r-devel-linux-x86_64-fedora-gcc 2.18.1 41.58 OK
r-devel-windows-x86_64 2.18.1 7.00 48.00 55.00 OK
r-devel-windows-x86_64-gcc10-UCRT 2.18.1 OK
r-patched-linux-x86_64 2.18.1 3.34 30.86 34.20 OK
r-patched-solaris-x86 2.18.1 60.60 OK
r-release-linux-x86_64 2.18.1 3.16 31.29 34.45 OK
r-release-macos-arm64 2.18.1 OK
r-release-macos-x86_64 2.18.1 OK
r-release-windows-ix86+x86_64 2.18.1 6.00 48.00 54.00 OK
r-oldrel-macos-x86_64 2.18.1 OK
r-oldrel-windows-ix86+x86_64 2.18.1 5.00 51.00 56.00 OK

Check Details

Version: 2.18.1
Check: Rd cross-references
Result: NOTE
    Undeclared package ‘rms’ in Rd xrefs
Flavor: r-devel-linux-x86_64-fedora-clang