Last updated on 2024-05-02 08:57:43 CEST.
Flavor | Version | Tinstall | Tcheck | Ttotal | Status | Flags |
---|---|---|---|---|---|---|
r-devel-linux-x86_64-debian-clang | 0.4.0 | 8.06 | 68.24 | 76.30 | NOTE | |
r-devel-linux-x86_64-debian-gcc | 0.4.0 | 5.60 | 49.38 | 54.98 | NOTE | |
r-devel-linux-x86_64-fedora-clang | 0.4.0 | 96.21 | NOTE | |||
r-devel-linux-x86_64-fedora-gcc | 0.4.0 | 91.49 | NOTE | |||
r-devel-windows-x86_64 | 0.4.0 | 9.00 | 71.00 | 80.00 | NOTE | |
r-patched-linux-x86_64 | 0.4.0 | 7.83 | 63.03 | 70.86 | NOTE | |
r-release-linux-x86_64 | 0.4.0 | 8.12 | 63.24 | 71.36 | NOTE | |
r-release-macos-arm64 | 0.4.0 | 30.00 | NOTE | |||
r-release-windows-x86_64 | 0.4.0 | 9.00 | 72.00 | 81.00 | NOTE | |
r-oldrel-macos-arm64 | 0.4.0 | 30.00 | NOTE | |||
r-oldrel-macos-x86_64 | 0.4.0 | 48.00 | NOTE | |||
r-oldrel-windows-x86_64 | 0.4.0 | 10.00 | 83.00 | 93.00 | NOTE |
Version: 0.4.0
Check: Rd files
Result: NOTE
checkRd: (-1) replace_in_file.Rd:40: Escaped LaTeX specials: \#
Flavors: r-devel-linux-x86_64-debian-clang, r-devel-linux-x86_64-debian-gcc, r-devel-linux-x86_64-fedora-clang, r-devel-linux-x86_64-fedora-gcc, r-devel-windows-x86_64, r-patched-linux-x86_64, r-release-linux-x86_64, r-release-macos-arm64, r-release-windows-x86_64, r-oldrel-macos-arm64, r-oldrel-macos-x86_64, r-oldrel-windows-x86_64