CRAN Package Check Results for Package googleCloudVisionR

Last updated on 2024-05-19 08:53:39 CEST.

Flavor Version Tinstall Tcheck Ttotal Status Flags
r-devel-linux-x86_64-debian-clang 0.2.0 4.17 40.55 44.72 NOTE
r-devel-linux-x86_64-debian-gcc 0.2.0 3.75 31.41 35.16 NOTE
r-devel-linux-x86_64-fedora-clang 0.2.0 57.92 NOTE
r-devel-linux-x86_64-fedora-gcc 0.2.0 82.93 NOTE
r-devel-windows-x86_64 0.2.0 5.00 53.00 58.00 NOTE
r-patched-linux-x86_64 0.2.0 4.94 39.61 44.55 NOTE
r-release-linux-x86_64 0.2.0 4.60 38.73 43.33 NOTE
r-release-macos-arm64 0.2.0 22.00 NOTE
r-release-windows-x86_64 0.2.0 6.00 55.00 61.00 NOTE
r-oldrel-macos-arm64 0.2.0 23.00 NOTE
r-oldrel-macos-x86_64 0.2.0 32.00 NOTE
r-oldrel-windows-x86_64 0.2.0 6.00 62.00 68.00 NOTE

Check Details

Version: 0.2.0
Check: LazyData
Result: NOTE 'LazyData' is specified without a 'data' directory Flavors: r-devel-linux-x86_64-debian-clang, r-devel-linux-x86_64-debian-gcc, r-devel-linux-x86_64-fedora-clang, r-devel-linux-x86_64-fedora-gcc, r-devel-windows-x86_64, r-patched-linux-x86_64, r-release-linux-x86_64, r-release-macos-arm64, r-release-windows-x86_64, r-oldrel-macos-arm64, r-oldrel-macos-x86_64, r-oldrel-windows-x86_64