Last updated on 2024-04-20 08:50:55 CEST.
Flavor | Version | Tinstall | Tcheck | Ttotal | Status | Flags |
---|---|---|---|---|---|---|
r-devel-linux-x86_64-debian-clang | 0.3.0 | 5.56 | 65.11 | 70.67 | NOTE | |
r-devel-linux-x86_64-debian-gcc | 0.3.0 | 4.53 | 49.31 | 53.84 | NOTE | |
r-devel-linux-x86_64-fedora-clang | 0.3.0 | 93.20 | NOTE | |||
r-devel-linux-x86_64-fedora-gcc | 0.3.0 | 102.65 | NOTE | |||
r-prerel-macos-arm64 | 0.3.0 | 57.00 | NOTE | |||
r-prerel-windows-x86_64 | 0.3.0 | 6.00 | 76.00 | 82.00 | NOTE | |
r-patched-linux-x86_64 | 0.3.0 | 11.46 | 61.81 | 73.27 | NOTE | |
r-release-linux-x86_64 | 0.3.0 | 6.41 | 59.97 | 66.38 | NOTE | |
r-release-macos-arm64 | 0.3.0 | 58.00 | NOTE | |||
r-release-macos-x86_64 | 0.3.0 | 64.00 | NOTE | |||
r-release-windows-x86_64 | 0.3.0 | 8.00 | 82.00 | 90.00 | NOTE | |
r-oldrel-macos-arm64 | 0.3.0 | 35.00 | NOTE | |||
r-oldrel-windows-x86_64 | 0.3.0 | 10.00 | 78.00 | 88.00 | NOTE |
Version: 0.3.0
Check: Rd files
Result: NOTE
checkRd: (-1) gl_nlp.Rd:31: Lost braces in \itemize; \value handles \item{}{} directly
checkRd: (-1) gl_nlp.Rd:32: Lost braces in \itemize; \value handles \item{}{} directly
checkRd: (-1) gl_nlp.Rd:33: Lost braces in \itemize; \value handles \item{}{} directly
checkRd: (-1) gl_nlp.Rd:34: Lost braces in \itemize; \value handles \item{}{} directly
checkRd: (-1) gl_nlp.Rd:35: Lost braces in \itemize; \value handles \item{}{} directly
checkRd: (-1) gl_nlp.Rd:36: Lost braces in \itemize; \value handles \item{}{} directly
checkRd: (-1) gl_nlp.Rd:37: Lost braces in \itemize; \value handles \item{}{} directly
Flavors: r-devel-linux-x86_64-debian-clang, r-devel-linux-x86_64-debian-gcc, r-devel-linux-x86_64-fedora-clang, r-devel-linux-x86_64-fedora-gcc, r-prerel-macos-arm64, r-prerel-windows-x86_64, r-patched-linux-x86_64
Version: 0.3.0
Check: LazyData
Result: NOTE
'LazyData' is specified without a 'data' directory
Flavors: r-devel-linux-x86_64-debian-clang, r-devel-linux-x86_64-debian-gcc, r-devel-linux-x86_64-fedora-clang, r-devel-linux-x86_64-fedora-gcc, r-prerel-macos-arm64, r-prerel-windows-x86_64, r-patched-linux-x86_64, r-release-linux-x86_64, r-release-macos-arm64, r-release-macos-x86_64, r-release-windows-x86_64, r-oldrel-macos-arm64, r-oldrel-windows-x86_64