Last updated on 2024-03-12 07:49:55 CET.
Flavor | Version | Tinstall | Tcheck | Ttotal | Status | Flags |
---|---|---|---|---|---|---|
r-devel-linux-x86_64-debian-clang | 1.1.1 | 9.40 | 83.49 | 92.89 | OK | |
r-devel-linux-x86_64-debian-gcc | 1.1.1 | 6.05 | 64.22 | 70.27 | OK | |
r-devel-linux-x86_64-fedora-clang | 1.1.1 | 116.29 | NOTE | |||
r-devel-linux-x86_64-fedora-gcc | 1.1.1 | 109.52 | OK | |||
r-devel-windows-x86_64 | 1.1.1 | 10.00 | 88.00 | 98.00 | OK | |
r-patched-linux-x86_64 | 1.1.1 | 12.12 | 82.87 | 94.99 | OK | |
r-release-linux-x86_64 | 1.1.1 | 8.04 | 81.93 | 89.97 | OK | |
r-release-macos-arm64 | 1.1.1 | 37.00 | OK | |||
r-release-macos-x86_64 | 1.1.1 | 69.00 | OK | |||
r-release-windows-x86_64 | 1.1.1 | 11.00 | 99.00 | 110.00 | OK | |
r-oldrel-macos-arm64 | 1.1.1 | 43.00 | OK | |||
r-oldrel-windows-x86_64 | 1.1.1 | 12.00 | 104.00 | 116.00 | OK |
Version: 1.1.1
Check: Rd cross-references
Result: NOTE
Undeclared package ‘jsonlite’ in Rd xrefs
Flavor: r-devel-linux-x86_64-fedora-clang