CRAN Package Check Results for Package gplm

Last updated on 2021-07-29 09:53:25 CEST.

Flavor Version Tinstall Tcheck Ttotal Status Flags
r-devel-linux-x86_64-debian-clang 0.7-4 OK
r-devel-linux-x86_64-debian-gcc 0.7-4 9.73 82.35 92.08 OK
r-devel-linux-x86_64-fedora-clang 0.7-4 148.62 NOTE
r-devel-linux-x86_64-fedora-gcc 0.7-4 136.49 NOTE
r-devel-windows-x86_64 0.7-4 27.00 130.00 157.00 OK
r-devel-windows-x86_64-gcc10-UCRT 0.7-4 OK
r-patched-linux-x86_64 0.7-4 10.41 102.27 112.68 OK
r-patched-solaris-x86 0.7-4 201.10 OK
r-release-linux-x86_64 0.7-4 11.50 103.39 114.89 OK
r-release-macos-arm64 0.7-4 OK
r-release-macos-x86_64 0.7-4 OK
r-release-windows-ix86+x86_64 0.7-4 28.00 128.00 156.00 OK
r-oldrel-macos-x86_64 0.7-4 OK
r-oldrel-windows-ix86+x86_64 0.7-4 29.00 164.00 193.00 OK

Check Details

Version: 0.7-4
Check: compiled code
Result: NOTE
    File ‘gplm/libs/gplm.so’:
     Found no calls to: ‘R_registerRoutines’, ‘R_useDynamicSymbols’
    
    It is good practice to register native routines and to disable symbol
    search.
    
    See ‘Writing portable packages’ in the ‘Writing R Extensions’ manual.
Flavors: r-devel-linux-x86_64-fedora-clang, r-devel-linux-x86_64-fedora-gcc