Last updated on 2024-05-07 08:55:04 CEST.
Flavor | Version | Tinstall | Tcheck | Ttotal | Status | Flags |
---|---|---|---|---|---|---|
r-devel-linux-x86_64-debian-clang | 0.2-1 | 2.08 | 29.17 | 31.25 | NOTE | |
r-devel-linux-x86_64-debian-gcc | 0.2-1 | 1.89 | 22.25 | 24.14 | NOTE | |
r-devel-linux-x86_64-fedora-clang | 0.2-1 | 41.82 | NOTE | |||
r-devel-linux-x86_64-fedora-gcc | 0.2-1 | 53.52 | NOTE | |||
r-devel-windows-x86_64 | 0.2-1 | 4.00 | 51.00 | 55.00 | NOTE | |
r-patched-linux-x86_64 | 0.2-1 | 2.68 | 28.11 | 30.79 | NOTE | |
r-release-linux-x86_64 | 0.2-1 | 2.47 | 28.03 | 30.50 | NOTE | |
r-release-macos-arm64 | 0.2-1 | 23.00 | NOTE | |||
r-release-windows-x86_64 | 0.2-1 | 2.00 | 51.00 | 53.00 | NOTE | |
r-oldrel-macos-arm64 | 0.2-1 | 24.00 | NOTE | |||
r-oldrel-macos-x86_64 | 0.2-1 | 33.00 | NOTE | |||
r-oldrel-windows-x86_64 | 0.2-1 | 3.00 | 47.00 | 50.00 | NOTE |
Version: 0.2-1
Check: DESCRIPTION meta-information
Result: NOTE
Malformed Title field: should not end in a period.
Flavors: r-devel-linux-x86_64-debian-clang, r-devel-linux-x86_64-debian-gcc, r-devel-linux-x86_64-fedora-clang, r-devel-linux-x86_64-fedora-gcc, r-devel-windows-x86_64, r-patched-linux-x86_64, r-release-linux-x86_64, r-release-macos-arm64, r-release-windows-x86_64, r-oldrel-macos-arm64, r-oldrel-macos-x86_64, r-oldrel-windows-x86_64
Version: 0.2-1
Check: Rd files
Result: NOTE
checkRd: (-1) grade-package.Rd:51-54: Lost braces in \itemize; meant \describe ?
checkRd: (-1) grade-package.Rd:55-57: Lost braces in \itemize; meant \describe ?
checkRd: (-1) grade-package.Rd:58-71: Lost braces in \itemize; meant \describe ?
checkRd: (-1) grade-package.Rd:72-74: Lost braces in \itemize; meant \describe ?
checkRd: (-1) grade-package.Rd:75-78: Lost braces in \itemize; meant \describe ?
checkRd: (-1) grade-package.Rd:79-81: Lost braces in \itemize; meant \describe ?
Flavors: r-devel-linux-x86_64-debian-clang, r-devel-linux-x86_64-debian-gcc, r-devel-linux-x86_64-fedora-clang, r-devel-linux-x86_64-fedora-gcc, r-devel-windows-x86_64, r-patched-linux-x86_64, r-release-linux-x86_64, r-release-macos-arm64, r-release-windows-x86_64