Last updated on 2024-04-19 08:54:42 CEST.
Flavor | Version | Tinstall | Tcheck | Ttotal | Status | Flags |
---|---|---|---|---|---|---|
r-devel-linux-x86_64-debian-clang | 1.8.0 | 15.93 | 227.54 | 243.47 | OK | |
r-devel-linux-x86_64-debian-gcc | 1.8.0 | OK | ||||
r-devel-linux-x86_64-fedora-clang | 1.8.0 | 291.89 | NOTE | |||
r-devel-linux-x86_64-fedora-gcc | 1.8.0 | 295.77 | NOTE | |||
r-prerel-macos-arm64 | 1.8.0 | 84.00 | OK | |||
r-prerel-windows-x86_64 | 1.8.0 | 16.00 | 183.00 | 199.00 | OK | |
r-patched-linux-x86_64 | 1.8.0 | 11.65 | 208.80 | 220.45 | OK | |
r-release-linux-x86_64 | 1.8.0 | 10.26 | 205.35 | 215.61 | OK | |
r-release-macos-arm64 | 1.8.0 | 84.00 | OK | |||
r-release-macos-x86_64 | 1.8.0 | 138.00 | OK | |||
r-release-windows-x86_64 | 1.8.0 | 20.00 | 225.00 | 245.00 | OK | |
r-oldrel-macos-arm64 | 1.8.0 | 68.00 | OK | |||
r-oldrel-windows-x86_64 | 1.8.0 | 23.00 | 218.00 | 241.00 | OK |
Version: 1.8.0
Check: dependencies in R code
Result: NOTE
Namespace in Imports field not imported from: ‘Rdpack’
All declared Imports should be used.
Flavors: r-devel-linux-x86_64-fedora-clang, r-devel-linux-x86_64-fedora-gcc