CRAN Package Check Results for Package greport

Last updated on 2021-06-17 09:51:46 CEST.

Flavor Version Tinstall Tcheck Ttotal Status Flags
r-devel-linux-x86_64-debian-clang 0.7-2 15.61 125.34 140.95 NOTE
r-devel-linux-x86_64-debian-gcc 0.7-2 12.23 90.39 102.62 NOTE
r-devel-linux-x86_64-fedora-clang 0.7-2 173.57 NOTE
r-devel-linux-x86_64-fedora-gcc 0.7-2 158.93 NOTE
r-devel-windows-x86_64 0.7-2 25.00 143.00 168.00 NOTE
r-devel-windows-x86_64-gcc10-UCRT 0.7-2 NOTE
r-patched-linux-x86_64 0.7-2 14.26 115.65 129.91 NOTE
r-patched-solaris-x86 0.7-2 233.80 NOTE
r-release-linux-x86_64 0.7-2 13.13 115.07 128.20 NOTE
r-release-macos-arm64 0.7-2 NOTE
r-release-macos-x86_64 0.7-2 NOTE
r-release-windows-ix86+x86_64 0.7-2 35.00 142.00 177.00 NOTE
r-oldrel-macos-x86_64 0.7-2 NOTE
r-oldrel-windows-ix86+x86_64 0.7-2 24.00 150.00 174.00 NOTE

Check Details

Version: 0.7-2
Check: R code for possible problems
Result: NOTE
    accrualReport: multiple local function definitions for 'gg' with
     different formal arguments
Flavors: r-devel-linux-x86_64-debian-clang, r-devel-linux-x86_64-debian-gcc, r-devel-linux-x86_64-fedora-clang, r-devel-linux-x86_64-fedora-gcc, r-devel-windows-x86_64, r-devel-windows-x86_64-gcc10-UCRT, r-patched-linux-x86_64, r-patched-solaris-x86, r-release-linux-x86_64, r-release-macos-arm64, r-release-macos-x86_64, r-release-windows-ix86+x86_64, r-oldrel-macos-x86_64, r-oldrel-windows-ix86+x86_64