CRAN Package Check Results for Package greybox

Last updated on 2021-09-23 08:51:01 CEST.

Flavor Version Tinstall Tcheck Ttotal Status Flags
r-devel-linux-x86_64-debian-clang 1.0.0 69.19 170.83 240.02 OK
r-devel-linux-x86_64-debian-gcc 1.0.1 47.65 101.77 149.42 OK
r-devel-linux-x86_64-fedora-clang 1.0.1 266.30 OK
r-devel-linux-x86_64-fedora-gcc 1.0.1 254.40 OK
r-devel-windows-x86_64 1.0.0 64.00 157.00 221.00 NOTE
r-devel-windows-x86_64-gcc10-UCRT 1.0.0 ERROR
r-patched-linux-x86_64 1.0.0 57.02 172.62 229.64 OK
r-patched-solaris-x86 1.0.1 224.60 OK
r-release-linux-x86_64 1.0.0 55.41 170.83 226.24 OK
r-release-macos-arm64 1.0.0 NOTE
r-release-macos-x86_64 1.0.0 OK
r-release-windows-ix86+x86_64 1.0.0 114.00 219.00 333.00 NOTE
r-oldrel-macos-x86_64 1.0.0 OK
r-oldrel-windows-ix86+x86_64 1.0.0 80.00 194.00 274.00 NOTE

Check Details

Version: 1.0.0
Check: package dependencies
Result: NOTE
    Package suggested but not available for checking: 'doMC'
Flavors: r-devel-windows-x86_64, r-release-windows-ix86+x86_64, r-oldrel-windows-ix86+x86_64

Version: 1.0.0
Check: package dependencies
Result: ERROR
    Package required but not available: 'lamW'
    
    Packages suggested but not available for checking: 'smooth', 'doMC'
    
    See section 'The DESCRIPTION file' in the 'Writing R Extensions'
    manual.
Flavor: r-devel-windows-x86_64-gcc10-UCRT

Version: 1.0.0
Check: installed package size
Result: NOTE
     installed size is 5.6Mb
     sub-directories of 1Mb or more:
     R 2.0Mb
     doc 2.5Mb
Flavors: r-release-macos-arm64, r-release-windows-ix86+x86_64, r-oldrel-windows-ix86+x86_64