CRAN Package Check Results for Package gridGraphics

Last updated on 2021-06-21 08:49:50 CEST.

Flavor Version Tinstall Tcheck Ttotal Status Flags
r-devel-linux-x86_64-debian-clang 0.5-1 5.46 52.27 57.73 OK
r-devel-linux-x86_64-debian-gcc 0.5-1 5.28 37.36 42.64 OK
r-devel-linux-x86_64-fedora-clang 0.5-1 79.60 OK
r-devel-linux-x86_64-fedora-gcc 0.5-1 65.60 OK
r-devel-windows-x86_64 0.5-1 11.00 47.00 58.00 OK
r-devel-windows-x86_64-gcc10-UCRT 0.5-1 NOTE
r-patched-linux-x86_64 0.5-1 5.66 46.90 52.56 OK
r-patched-solaris-x86 0.5-1 86.00 OK
r-release-linux-x86_64 0.5-1 5.91 47.38 53.29 OK
r-release-macos-arm64 0.5-1 OK
r-release-macos-x86_64 0.5-1 OK
r-release-windows-ix86+x86_64 0.5-1 12.00 60.00 72.00 OK
r-oldrel-macos-x86_64 0.5-1 OK
r-oldrel-windows-ix86+x86_64 0.5-1 11.00 0.00 11.00 OK

Check Details

Version: 0.5-1
Check: package dependencies
Result: NOTE
    Packages suggested but not available for checking: 'magick', 'pdftools'
Flavor: r-devel-windows-x86_64-gcc10-UCRT