CRAN Package Check Results for Package gridtext

Last updated on 2024-04-19 08:54:42 CEST.

Flavor Version Tinstall Tcheck Ttotal Status Flags
r-devel-linux-x86_64-debian-clang 0.1.5 49.71 44.76 94.47 NOTE
r-devel-linux-x86_64-debian-gcc 0.1.5 NOTE
r-devel-linux-x86_64-fedora-clang 0.1.5 124.10 NOTE
r-devel-linux-x86_64-fedora-gcc 0.1.5 124.53 NOTE
r-prerel-macos-arm64 0.1.5 33.00 NOTE
r-prerel-windows-x86_64 0.1.5 36.00 69.00 105.00 NOTE
r-patched-linux-x86_64 0.1.5 54.18 42.72 96.90 NOTE
r-release-linux-x86_64 0.1.5 44.91 41.47 86.38 NOTE
r-release-macos-arm64 0.1.5 36.00 NOTE
r-release-macos-x86_64 0.1.5 57.00 NOTE
r-release-windows-x86_64 0.1.5 49.00 80.00 129.00 NOTE
r-oldrel-macos-arm64 0.1.5 37.00 OK
r-oldrel-windows-x86_64 0.1.5 48.00 83.00 131.00 OK

Check Details

Version: 0.1.5
Check: C++ specification
Result: NOTE Specified C++11: please drop specification unless essential Flavors: r-devel-linux-x86_64-debian-clang, r-devel-linux-x86_64-debian-gcc, r-devel-linux-x86_64-fedora-clang, r-devel-linux-x86_64-fedora-gcc, r-prerel-macos-arm64, r-prerel-windows-x86_64, r-patched-linux-x86_64, r-release-linux-x86_64, r-release-macos-arm64, r-release-macos-x86_64, r-release-windows-x86_64