Last updated on 2025-04-19 08:51:12 CEST.
Flavor | Version | Tinstall | Tcheck | Ttotal | Status | Flags |
---|---|---|---|---|---|---|
r-devel-linux-x86_64-debian-clang | 1.1.0 | 4.64 | 213.39 | 218.03 | OK | |
r-devel-linux-x86_64-debian-gcc | 1.1.0 | 2.94 | 159.11 | 162.05 | OK | |
r-devel-linux-x86_64-fedora-clang | 1.1.0 | 293.40 | NOTE | |||
r-devel-linux-x86_64-fedora-gcc | 1.1.0 | 356.52 | NOTE | |||
r-devel-windows-x86_64 | 1.1.0 | 5.00 | 256.00 | 261.00 | OK | |
r-patched-linux-x86_64 | 1.1.0 | 3.47 | 218.61 | 222.08 | OK | |
r-release-linux-x86_64 | 1.1.0 | 3.84 | 220.74 | 224.58 | OK | |
r-release-macos-arm64 | 1.1.0 | 237.00 | OK | |||
r-release-macos-x86_64 | 1.1.0 | 399.00 | OK | |||
r-release-windows-x86_64 | 1.1.0 | 6.00 | 250.00 | 256.00 | OK | |
r-oldrel-macos-arm64 | 1.1.0 | 242.00 | OK | |||
r-oldrel-macos-x86_64 | 1.1.0 | 334.00 | OK | |||
r-oldrel-windows-x86_64 | 1.1.0 | 7.00 | 497.00 | 504.00 | OK |
Version: 1.1.0
Check: dependencies in R code
Result: NOTE
Namespace in Imports field not imported from: ‘msm’
All declared Imports should be used.
Flavors: r-devel-linux-x86_64-fedora-clang, r-devel-linux-x86_64-fedora-gcc