Last updated on 2024-03-12 07:49:55 CET.
Flavor | Version | Tinstall | Tcheck | Ttotal | Status | Flags |
---|---|---|---|---|---|---|
r-devel-linux-x86_64-debian-clang | 0.0.3 | 3.32 | 107.11 | 110.43 | OK | |
r-devel-linux-x86_64-debian-gcc | 0.0.3 | 2.53 | 80.00 | 82.53 | OK | |
r-devel-linux-x86_64-fedora-clang | 0.0.3 | 149.38 | NOTE | |||
r-devel-linux-x86_64-fedora-gcc | 0.0.3 | 150.98 | NOTE | |||
r-devel-windows-x86_64 | 0.0.3 | 4.00 | 105.00 | 109.00 | OK | |
r-patched-linux-x86_64 | 0.0.3 | 3.47 | 108.51 | 111.98 | OK | |
r-release-linux-x86_64 | 0.0.3 | 3.31 | 108.05 | 111.36 | OK | |
r-release-macos-arm64 | 0.0.3 | 46.00 | OK | |||
r-release-macos-x86_64 | 0.0.3 | 78.00 | OK | |||
r-release-windows-x86_64 | 0.0.3 | 4.00 | 118.00 | 122.00 | OK | |
r-oldrel-macos-arm64 | 0.0.3 | 43.00 | OK | |||
r-oldrel-windows-x86_64 | 0.0.3 | 4.00 | 124.00 | 128.00 | OK |
Version: 0.0.3
Check: dependencies in R code
Result: NOTE
Namespaces in Imports field not imported from:
‘MASS’ ‘rjags’
All declared Imports should be used.
Flavors: r-devel-linux-x86_64-fedora-clang, r-devel-linux-x86_64-fedora-gcc