Last updated on 2024-04-24 07:57:41 CEST.
Flavor | Version | Tinstall | Tcheck | Ttotal | Status | Flags |
---|---|---|---|---|---|---|
r-devel-linux-x86_64-debian-clang | 1.1.1 | 62.30 | 36.91 | 99.21 | OK | |
r-devel-linux-x86_64-debian-gcc | 1.1.1 | 55.00 | 28.29 | 83.29 | OK | |
r-devel-linux-x86_64-fedora-clang | 1.1.1 | 151.53 | NOTE | |||
r-devel-linux-x86_64-fedora-gcc | 1.1.1 | 153.81 | NOTE | |||
r-prerel-macos-arm64 | 1.1.1 | 34.00 | OK | |||
r-prerel-windows-x86_64 | 1.1.1 | 54.00 | 70.00 | 124.00 | OK | |
r-patched-linux-x86_64 | 1.1.1 | 66.63 | 36.50 | 103.13 | OK | |
r-release-linux-x86_64 | 1.1.1 | 68.42 | 36.35 | 104.77 | OK | |
r-release-macos-arm64 | 1.1.1 | 43.00 | OK | |||
r-release-macos-x86_64 | 1.1.1 | 72.00 | OK | |||
r-release-windows-x86_64 | 1.1.1 | 69.00 | 76.00 | 145.00 | OK | |
r-oldrel-macos-arm64 | 1.1.1 | 42.00 | OK | |||
r-oldrel-windows-x86_64 | 1.1.1 | 62.00 | 76.00 | 138.00 | OK |
Version: 1.1.1
Check: compiled code
Result: NOTE
File ‘grove/libs/grove.so’:
Found no calls to: ‘R_registerRoutines’, ‘R_useDynamicSymbols’
It is good practice to register native routines and to disable symbol
search.
See ‘Writing portable packages’ in the ‘Writing R Extensions’ manual.
Flavors: r-devel-linux-x86_64-fedora-clang, r-devel-linux-x86_64-fedora-gcc