Last updated on 2024-04-20 08:50:55 CEST.
Flavor | Version | Tinstall | Tcheck | Ttotal | Status | Flags |
---|---|---|---|---|---|---|
r-devel-linux-x86_64-debian-clang | 0.2.2 | 8.14 | 546.26 | 554.40 | NOTE | |
r-devel-linux-x86_64-debian-gcc | 0.2.2 | 6.57 | 379.39 | 385.96 | NOTE | |
r-devel-linux-x86_64-fedora-clang | 0.2.2 | 662.84 | NOTE | |||
r-devel-linux-x86_64-fedora-gcc | 0.2.2 | 654.96 | NOTE | |||
r-prerel-macos-arm64 | 0.2.2 | 171.00 | NOTE | |||
r-prerel-windows-x86_64 | 0.2.2 | 9.00 | 404.00 | 413.00 | NOTE | |
r-patched-linux-x86_64 | 0.2.2 | 8.87 | 509.51 | 518.38 | NOTE | |
r-release-linux-x86_64 | 0.2.2 | 9.24 | 529.63 | 538.87 | OK | |
r-release-macos-arm64 | 0.2.2 | 188.00 | OK | |||
r-release-macos-x86_64 | 0.2.2 | 335.00 | OK | |||
r-release-windows-x86_64 | 0.2.2 | 11.00 | 467.00 | 478.00 | OK | |
r-oldrel-macos-arm64 | 0.2.2 | 189.00 | OK | |||
r-oldrel-windows-x86_64 | 0.2.2 | 12.00 | 479.00 | 491.00 | OK |
Version: 0.2.2
Check: Rd files
Result: NOTE
checkRd: (-1) crossval.Rd:54: Lost braces in \itemize; \value handles \item{}{} directly
checkRd: (-1) crossval.Rd:55: Lost braces in \itemize; \value handles \item{}{} directly
checkRd: (-1) crossval.Rd:56: Lost braces in \itemize; \value handles \item{}{} directly
checkRd: (-1) crossval.Rd:57: Lost braces in \itemize; \value handles \item{}{} directly
checkRd: (-1) crossval.Rd:58: Lost braces in \itemize; \value handles \item{}{} directly
checkRd: (-1) crossval.Rd:59: Lost braces in \itemize; \value handles \item{}{} directly
checkRd: (-1) gsbm_mcgd.Rd:57: Lost braces in \itemize; \value handles \item{}{} directly
checkRd: (-1) gsbm_mcgd.Rd:58: Lost braces in \itemize; \value handles \item{}{} directly
checkRd: (-1) gsbm_mcgd.Rd:59: Lost braces in \itemize; \value handles \item{}{} directly
checkRd: (-1) gsbm_mcgd.Rd:60: Lost braces in \itemize; \value handles \item{}{} directly
checkRd: (-1) gsbm_mcgd.Rd:61: Lost braces in \itemize; \value handles \item{}{} directly
checkRd: (-1) gsbm_mcgd.Rd:62: Lost braces in \itemize; \value handles \item{}{} directly
checkRd: (-1) gsbm_mcgd_parallel.Rd:57: Lost braces in \itemize; \value handles \item{}{} directly
checkRd: (-1) gsbm_mcgd_parallel.Rd:58: Lost braces in \itemize; \value handles \item{}{} directly
checkRd: (-1) gsbm_mcgd_parallel.Rd:59: Lost braces in \itemize; \value handles \item{}{} directly
checkRd: (-1) gsbm_mcgd_parallel.Rd:60: Lost braces in \itemize; \value handles \item{}{} directly
checkRd: (-1) gsbm_mcgd_parallel.Rd:61: Lost braces in \itemize; \value handles \item{}{} directly
checkRd: (-1) gsbm_mcgd_parallel.Rd:62: Lost braces in \itemize; \value handles \item{}{} directly
Flavors: r-devel-linux-x86_64-debian-clang, r-devel-linux-x86_64-debian-gcc, r-devel-linux-x86_64-fedora-clang, r-devel-linux-x86_64-fedora-gcc, r-prerel-macos-arm64, r-prerel-windows-x86_64, r-patched-linux-x86_64