Last updated on 2024-08-31 08:48:13 CEST.
Flavor | Version | Tinstall | Tcheck | Ttotal | Status | Flags |
---|---|---|---|---|---|---|
r-devel-linux-x86_64-debian-clang | 0.4.5 | 1.67 | 22.95 | 24.62 | NOTE | |
r-devel-linux-x86_64-debian-gcc | 0.4.5 | 1.35 | 17.45 | 18.80 | NOTE | |
r-devel-linux-x86_64-fedora-clang | 0.4.5 | 37.93 | NOTE | |||
r-devel-linux-x86_64-fedora-gcc | 0.4.5 | 36.85 | NOTE | |||
r-devel-windows-x86_64 | 0.4.5 | 3.00 | 51.00 | 54.00 | NOTE | |
r-patched-linux-x86_64 | 0.4.5 | 1.25 | 22.04 | 23.29 | NOTE | |
r-release-linux-x86_64 | 0.4.5 | 1.44 | 21.95 | 23.39 | NOTE | |
r-release-macos-arm64 | 0.4.5 | 32.00 | OK | |||
r-release-macos-x86_64 | 0.4.5 | 37.00 | OK | |||
r-release-windows-x86_64 | 0.4.5 | 3.00 | 54.00 | 57.00 | NOTE | |
r-oldrel-macos-arm64 | 0.4.5 | 30.00 | OK | |||
r-oldrel-macos-x86_64 | 0.4.5 | 33.00 | OK | |||
r-oldrel-windows-x86_64 | 0.4.5 | 3.00 | 52.00 | 55.00 | OK |
Version: 0.4.5
Check: HTML version of manual
Result: NOTE
Found the following HTML validation problems:
gsheet2tbl.html:31:5 (gsheet2tbl.Rd:20): Warning: trimming empty <p>
gsheet2tbl.html:31:1 (gsheet2tbl.Rd:20): Warning: trimming empty <li>
Flavors: r-devel-linux-x86_64-debian-clang, r-devel-linux-x86_64-debian-gcc, r-devel-linux-x86_64-fedora-clang, r-devel-linux-x86_64-fedora-gcc, r-devel-windows-x86_64, r-patched-linux-x86_64, r-release-linux-x86_64, r-release-windows-x86_64