Last updated on 2024-04-26 08:54:58 CEST.
Flavor | Version | Tinstall | Tcheck | Ttotal | Status | Flags |
---|---|---|---|---|---|---|
r-devel-linux-x86_64-debian-clang | 1.2.0 | 13.11 | 119.94 | 133.05 | NOTE | |
r-devel-linux-x86_64-debian-gcc | 1.2.0 | 7.95 | 99.54 | 107.49 | NOTE | |
r-devel-linux-x86_64-fedora-clang | 1.2.0 | 186.09 | NOTE | |||
r-devel-linux-x86_64-fedora-gcc | 1.2.0 | 180.97 | NOTE | |||
r-devel-windows-x86_64 | 1.2.0 | 12.00 | 124.00 | 136.00 | NOTE | |
r-patched-linux-x86_64 | 1.2.0 | 9.59 | 126.36 | 135.95 | OK | |
r-release-linux-x86_64 | 1.2.0 | 11.37 | 124.81 | 136.18 | OK | |
r-release-macos-arm64 | 1.2.0 | 60.00 | OK | |||
r-release-windows-x86_64 | 1.2.0 | 12.00 | 121.00 | 133.00 | OK | |
r-oldrel-macos-arm64 | 1.2.0 | 63.00 | OK | |||
r-oldrel-macos-x86_64 | 1.2.0 | 96.00 | OK | |||
r-oldrel-windows-x86_64 | 1.2.0 | 16.00 | 162.00 | 178.00 | OK |
Version: 1.2.0
Check: compiled code
Result: NOTE
File ‘gtfstools/libs/gtfstools.so’:
Found non-API calls to R: ‘SETLENGTH’, ‘SET_TRUELENGTH’
Compiled code should not call non-API entry points in R.
See ‘Writing portable packages’ in the ‘Writing R Extensions’ manual.
Flavors: r-devel-linux-x86_64-debian-clang, r-devel-linux-x86_64-debian-gcc, r-devel-linux-x86_64-fedora-clang, r-devel-linux-x86_64-fedora-gcc
Version: 1.2.0
Check: compiled code
Result: NOTE
File 'gtfstools/libs/x64/gtfstools.dll':
Found non-API calls to R: 'SETLENGTH', 'SET_TRUELENGTH'
Compiled code should not call non-API entry points in R.
See 'Writing portable packages' in the 'Writing R Extensions' manual.
Flavor: r-devel-windows-x86_64