CRAN Package Check Results for Package guardianapi

Last updated on 2024-04-24 07:57:41 CEST.

Flavor Version Tinstall Tcheck Ttotal Status Flags
r-devel-linux-x86_64-debian-clang 0.1.1 5.51 51.35 56.86 NOTE
r-devel-linux-x86_64-debian-gcc 0.1.1 4.66 39.14 43.80 NOTE
r-devel-linux-x86_64-fedora-clang 0.1.1 71.59 NOTE
r-devel-linux-x86_64-fedora-gcc 0.1.1 79.63 NOTE
r-prerel-macos-arm64 0.1.1 31.00 NOTE
r-prerel-windows-x86_64 0.1.1 6.00 59.00 65.00 NOTE
r-patched-linux-x86_64 0.1.1 6.68 49.68 56.36 NOTE
r-release-linux-x86_64 0.1.1 5.10 48.85 53.95 NOTE
r-release-macos-arm64 0.1.1 39.00 NOTE
r-release-macos-x86_64 0.1.1 48.00 NOTE
r-release-windows-x86_64 0.1.1 7.00 65.00 72.00 NOTE
r-oldrel-macos-arm64 0.1.1 28.00 NOTE
r-oldrel-windows-x86_64 0.1.1 8.00 67.00 75.00 NOTE

Check Details

Version: 0.1.1
Check: LazyData
Result: NOTE 'LazyData' is specified without a 'data' directory Flavors: r-devel-linux-x86_64-debian-clang, r-devel-linux-x86_64-debian-gcc, r-devel-linux-x86_64-fedora-clang, r-devel-linux-x86_64-fedora-gcc, r-prerel-macos-arm64, r-prerel-windows-x86_64, r-patched-linux-x86_64, r-release-linux-x86_64, r-release-macos-arm64, r-release-macos-x86_64, r-release-windows-x86_64, r-oldrel-macos-arm64, r-oldrel-windows-x86_64