Last updated on 2024-03-12 07:49:55 CET.
Flavor | Version | Tinstall | Tcheck | Ttotal | Status | Flags |
---|---|---|---|---|---|---|
r-devel-linux-x86_64-debian-clang | 0.2.4 | 8.57 | 68.32 | 76.89 | OK | |
r-devel-linux-x86_64-debian-gcc | 0.2.4 | 6.92 | 52.89 | 59.81 | OK | |
r-devel-linux-x86_64-fedora-clang | 0.2.4 | 98.23 | NOTE | |||
r-devel-linux-x86_64-fedora-gcc | 0.2.4 | 103.50 | NOTE | |||
r-devel-windows-x86_64 | 0.2.4 | 10.00 | 74.00 | 84.00 | NOTE | |
r-patched-linux-x86_64 | 0.2.4 | 5.83 | 67.36 | 73.19 | OK | |
r-release-linux-x86_64 | 0.2.4 | 6.10 | 68.70 | 74.80 | OK | |
r-release-macos-arm64 | 0.2.4 | 44.00 | NOTE | |||
r-release-macos-x86_64 | 0.2.4 | 87.00 | NOTE | |||
r-release-windows-x86_64 | 0.2.4 | 12.00 | 81.00 | 93.00 | NOTE | |
r-oldrel-macos-arm64 | 0.2.4 | 39.00 | NOTE | |||
r-oldrel-windows-x86_64 | 0.2.4 | 12.00 | 90.00 | 102.00 | NOTE |
Version: 0.2.4
Check: installed package size
Result: NOTE
installed size is 5.2Mb
sub-directories of 1Mb or more:
data 4.8Mb
Flavors: r-devel-linux-x86_64-fedora-clang, r-devel-windows-x86_64, r-release-macos-arm64, r-release-macos-x86_64, r-release-windows-x86_64, r-oldrel-macos-arm64, r-oldrel-windows-x86_64
Version: 0.2.4
Check: data for non-ASCII characters
Result: NOTE
Note: found 20255 marked UTF-8 strings
Flavors: r-devel-linux-x86_64-fedora-clang, r-devel-linux-x86_64-fedora-gcc